{"id":109,"date":"2016-07-15T12:44:45","date_gmt":"2016-07-15T10:44:45","guid":{"rendered":"http:\/\/pakosc-kalwaria.franciszkanie.net\/?page_id=109"},"modified":"2016-07-15T12:44:45","modified_gmt":"2016-07-15T10:44:45","slug":"pozdrowienie-blogoslawionej-maryi-dziewicy","status":"publish","type":"page","link":"https:\/\/pakosc-kalwaria.franciszkanie.net\/index.php\/sw-franciszek-z-asyzu\/pozdrowienie-blogoslawionej-maryi-dziewicy\/","title":{"rendered":"POZDROWIENIE B\u0141OGOS\u0141AWIONEJ MARYI DZIEWICY"},"content":{"rendered":"<p><strong>Pozdrowienie b\u0142ogos\u0142awionej Maryi Dziewicy<\/strong><\/p>\n<p>B\u0105d\u017a pozdrowiona, Pani, \u015bwi\u0119ta Kr\u00f3lowo,<br \/>\n\u015bwi\u0119ta Bo\u017ca Rodzicielko, Maryjo,<br \/>\nkt\u00f3ra jeste\u015b Dziewic\u0105, uczynion\u0105 Ko\u015bcio\u0142em<br \/>\ni wybran\u0105 przez naj\u015bwi\u0119tszego Ojca z nieba,<br \/>\nCiebie On u\u015bwi\u0119ci\u0142 z naj\u015bwi\u0119tszym, umi\u0142owanym<br \/>\nSynem swoim i Duchem \u015awi\u0119tym, Pocieszycielem,<br \/>\nw Tobie by\u0142a i jest<br \/>\nwszelka pe\u0142nia \u0142aski i wszelkie dobro.<br \/>\nB\u0105d\u017a pozdrowiona, Pa\u0142acu Jego,<br \/>\nB\u0105d\u017a pozdrowiona, Przybytku Jego,<br \/>\nB\u0105d\u017a pozdrowiona, Domu Jego.<br \/>\nB\u0105d\u017a pozdrowiona, Szato Jego,<br \/>\nB\u0105d\u017a pozdrowiona, S\u0142u\u017cebnico Jego,<br \/>\nB\u0105d\u017a pozdrowiona, Matko Jego.<br \/>\nI wy wszystkie \u015bwi\u0119te cnoty,<br \/>\nkt\u00f3re Duch \u015awi\u0119ty<br \/>\nsw\u0105 \u0142ask\u0105 i o\u015bwieceniem<br \/>\nwlewa w serca wiernych,<br \/>\naby\u015bcie z niewiernych<br \/>\nuczyni\u0142y wiernych Bogu<\/p>\n","protected":false},"excerpt":{"rendered":"<p>Pozdrowienie b\u0142ogos\u0142awionej Maryi Dziewicy B\u0105d\u017a pozdrowiona, Pani, \u015bwi\u0119ta Kr\u00f3lowo, \u015bwi\u0119ta Bo\u017ca Rodzicielko, Maryjo, kt\u00f3ra jeste\u015b Dziewic\u0105, uczynion\u0105 Ko\u015bcio\u0142em i wybran\u0105 przez naj\u015bwi\u0119tszego Ojca z nieba, Ciebie On u\u015bwi\u0119ci\u0142 z naj\u015bwi\u0119tszym, umi\u0142owanym Synem swoim i Duchem \u015awi\u0119tym, Pocieszycielem, w Tobie by\u0142a i jest wszelka pe\u0142nia \u0142aski i wszelkie dobro. B\u0105d\u017a pozdrowiona, Pa\u0142acu Jego, B\u0105d\u017a pozdrowiona, Przybytku &hellip;<\/p>\n","protected":false},"author":5,"featured_media":0,"parent":67,"menu_order":0,"comment_status":"closed","ping_status":"closed","template":"","meta":{"_mi_skip_tracking":false,"_exactmetrics_sitenote_active":false,"_exactmetrics_sitenote_note":"","_exactmetrics_sitenote_category":0},"yoast_head":"<!-- This site is optimized with the Yoast SEO plugin v18.1 - https:\/\/yoast.com\/wordpress\/plugins\/seo\/ -->\n<title>POZDROWIENIE B\u0141OGOS\u0141AWIONEJ MARYI DZIEWICY - Pako\u015b\u0107 \u2013 Kalwaria<\/title>\n<meta name=\"robots\" content=\"index, follow, max-snippet:-1, max-image-preview:large, max-video-preview:-1\" \/>\n<link rel=\"canonical\" href=\"https:\/\/pakosc-kalwaria.franciszkanie.net\/index.php\/sw-franciszek-z-asyzu\/pozdrowienie-blogoslawionej-maryi-dziewicy\/\" \/>\n<meta property=\"og:locale\" content=\"pl_PL\" \/>\n<meta property=\"og:type\" content=\"article\" \/>\n<meta property=\"og:title\" content=\"POZDROWIENIE B\u0141OGOS\u0141AWIONEJ MARYI DZIEWICY - Pako\u015b\u0107 \u2013 Kalwaria\" \/>\n<meta property=\"og:description\" content=\"Pozdrowienie b\u0142ogos\u0142awionej Maryi Dziewicy B\u0105d\u017a pozdrowiona, Pani, \u015bwi\u0119ta Kr\u00f3lowo, \u015bwi\u0119ta Bo\u017ca Rodzicielko, Maryjo, kt\u00f3ra jeste\u015b Dziewic\u0105, uczynion\u0105 Ko\u015bcio\u0142em i wybran\u0105 przez naj\u015bwi\u0119tszego Ojca z nieba, Ciebie On u\u015bwi\u0119ci\u0142 z naj\u015bwi\u0119tszym, umi\u0142owanym Synem swoim i Duchem \u015awi\u0119tym, Pocieszycielem, w Tobie by\u0142a i jest wszelka pe\u0142nia \u0142aski i wszelkie dobro. B\u0105d\u017a pozdrowiona, Pa\u0142acu Jego, B\u0105d\u017a pozdrowiona, Przybytku &hellip;\" \/>\n<meta property=\"og:url\" content=\"https:\/\/pakosc-kalwaria.franciszkanie.net\/index.php\/sw-franciszek-z-asyzu\/pozdrowienie-blogoslawionej-maryi-dziewicy\/\" \/>\n<meta property=\"og:site_name\" content=\"Pako\u015b\u0107 \u2013 Kalwaria\" \/>\n<meta name=\"twitter:card\" content=\"summary\" \/>\n<meta name=\"twitter:label1\" content=\"Szacowany czas czytania\" \/>\n\t<meta name=\"twitter:data1\" content=\"1 minuta\" \/>\n<script type=\"application\/ld+json\" class=\"yoast-schema-graph\">{\"@context\":\"https:\/\/schema.org\",\"@graph\":[{\"@type\":\"WebSite\",\"@id\":\"https:\/\/pakosc-kalwaria.franciszkanie.net\/#website\",\"url\":\"https:\/\/pakosc-kalwaria.franciszkanie.net\/\",\"name\":\"Pako\u015b\u0107 \u2013 Kalwaria\",\"description\":\"Parafia Rzymsko \u2013 Katolicka p.w. Pana Jezusa Ukrzy\u017cowanego i  Matki Bo\u017cej Bolesnej ul. Barci\u0144ska 60, 88\u2013170 Pako\u015b\u0107 \u2013 Kalwaria\",\"potentialAction\":[{\"@type\":\"SearchAction\",\"target\":{\"@type\":\"EntryPoint\",\"urlTemplate\":\"https:\/\/pakosc-kalwaria.franciszkanie.net\/?s={search_term_string}\"},\"query-input\":\"required name=search_term_string\"}],\"inLanguage\":\"pl-PL\"},{\"@type\":\"WebPage\",\"@id\":\"https:\/\/pakosc-kalwaria.franciszkanie.net\/index.php\/sw-franciszek-z-asyzu\/pozdrowienie-blogoslawionej-maryi-dziewicy\/#webpage\",\"url\":\"https:\/\/pakosc-kalwaria.franciszkanie.net\/index.php\/sw-franciszek-z-asyzu\/pozdrowienie-blogoslawionej-maryi-dziewicy\/\",\"name\":\"POZDROWIENIE B\u0141OGOS\u0141AWIONEJ MARYI DZIEWICY - Pako\u015b\u0107 \u2013 Kalwaria\",\"isPartOf\":{\"@id\":\"https:\/\/pakosc-kalwaria.franciszkanie.net\/#website\"},\"datePublished\":\"2016-07-15T10:44:45+00:00\",\"dateModified\":\"2016-07-15T10:44:45+00:00\",\"breadcrumb\":{\"@id\":\"https:\/\/pakosc-kalwaria.franciszkanie.net\/index.php\/sw-franciszek-z-asyzu\/pozdrowienie-blogoslawionej-maryi-dziewicy\/#breadcrumb\"},\"inLanguage\":\"pl-PL\",\"potentialAction\":[{\"@type\":\"ReadAction\",\"target\":[\"https:\/\/pakosc-kalwaria.franciszkanie.net\/index.php\/sw-franciszek-z-asyzu\/pozdrowienie-blogoslawionej-maryi-dziewicy\/\"]}]},{\"@type\":\"BreadcrumbList\",\"@id\":\"https:\/\/pakosc-kalwaria.franciszkanie.net\/index.php\/sw-franciszek-z-asyzu\/pozdrowienie-blogoslawionej-maryi-dziewicy\/#breadcrumb\",\"itemListElement\":[{\"@type\":\"ListItem\",\"position\":1,\"name\":\"Strona g\u0142\u00f3wna\",\"item\":\"https:\/\/pakosc-kalwaria.franciszkanie.net\/\"},{\"@type\":\"ListItem\",\"position\":2,\"name\":\"\u015aW. FRANCISZEK Z ASY\u017bU\",\"item\":\"https:\/\/pakosc-kalwaria.franciszkanie.net\/index.php\/sw-franciszek-z-asyzu\/\"},{\"@type\":\"ListItem\",\"position\":3,\"name\":\"POZDROWIENIE B\u0141OGOS\u0141AWIONEJ MARYI DZIEWICY\"}]}]}<\/script>\n<!-- \/ Yoast SEO plugin. -->","yoast_head_json":{"title":"POZDROWIENIE B\u0141OGOS\u0141AWIONEJ MARYI DZIEWICY - Pako\u015b\u0107 \u2013 Kalwaria","robots":{"index":"index","follow":"follow","max-snippet":"max-snippet:-1","max-image-preview":"max-image-preview:large","max-video-preview":"max-video-preview:-1"},"canonical":"https:\/\/pakosc-kalwaria.franciszkanie.net\/index.php\/sw-franciszek-z-asyzu\/pozdrowienie-blogoslawionej-maryi-dziewicy\/","og_locale":"pl_PL","og_type":"article","og_title":"POZDROWIENIE B\u0141OGOS\u0141AWIONEJ MARYI DZIEWICY - Pako\u015b\u0107 \u2013 Kalwaria","og_description":"Pozdrowienie b\u0142ogos\u0142awionej Maryi Dziewicy B\u0105d\u017a pozdrowiona, Pani, \u015bwi\u0119ta Kr\u00f3lowo, \u015bwi\u0119ta Bo\u017ca Rodzicielko, Maryjo, kt\u00f3ra jeste\u015b Dziewic\u0105, uczynion\u0105 Ko\u015bcio\u0142em i wybran\u0105 przez naj\u015bwi\u0119tszego Ojca z nieba, Ciebie On u\u015bwi\u0119ci\u0142 z naj\u015bwi\u0119tszym, umi\u0142owanym Synem swoim i Duchem \u015awi\u0119tym, Pocieszycielem, w Tobie by\u0142a i jest wszelka pe\u0142nia \u0142aski i wszelkie dobro. B\u0105d\u017a pozdrowiona, Pa\u0142acu Jego, B\u0105d\u017a pozdrowiona, Przybytku &hellip;","og_url":"https:\/\/pakosc-kalwaria.franciszkanie.net\/index.php\/sw-franciszek-z-asyzu\/pozdrowienie-blogoslawionej-maryi-dziewicy\/","og_site_name":"Pako\u015b\u0107 \u2013 Kalwaria","twitter_card":"summary","twitter_misc":{"Szacowany czas czytania":"1 minuta"},"schema":{"@context":"https:\/\/schema.org","@graph":[{"@type":"WebSite","@id":"https:\/\/pakosc-kalwaria.franciszkanie.net\/#website","url":"https:\/\/pakosc-kalwaria.franciszkanie.net\/","name":"Pako\u015b\u0107 \u2013 Kalwaria","description":"Parafia Rzymsko \u2013 Katolicka p.w. Pana Jezusa Ukrzy\u017cowanego i  Matki Bo\u017cej Bolesnej ul. Barci\u0144ska 60, 88\u2013170 Pako\u015b\u0107 \u2013 Kalwaria","potentialAction":[{"@type":"SearchAction","target":{"@type":"EntryPoint","urlTemplate":"https:\/\/pakosc-kalwaria.franciszkanie.net\/?s={search_term_string}"},"query-input":"required name=search_term_string"}],"inLanguage":"pl-PL"},{"@type":"WebPage","@id":"https:\/\/pakosc-kalwaria.franciszkanie.net\/index.php\/sw-franciszek-z-asyzu\/pozdrowienie-blogoslawionej-maryi-dziewicy\/#webpage","url":"https:\/\/pakosc-kalwaria.franciszkanie.net\/index.php\/sw-franciszek-z-asyzu\/pozdrowienie-blogoslawionej-maryi-dziewicy\/","name":"POZDROWIENIE B\u0141OGOS\u0141AWIONEJ MARYI DZIEWICY - Pako\u015b\u0107 \u2013 Kalwaria","isPartOf":{"@id":"https:\/\/pakosc-kalwaria.franciszkanie.net\/#website"},"datePublished":"2016-07-15T10:44:45+00:00","dateModified":"2016-07-15T10:44:45+00:00","breadcrumb":{"@id":"https:\/\/pakosc-kalwaria.franciszkanie.net\/index.php\/sw-franciszek-z-asyzu\/pozdrowienie-blogoslawionej-maryi-dziewicy\/#breadcrumb"},"inLanguage":"pl-PL","potentialAction":[{"@type":"ReadAction","target":["https:\/\/pakosc-kalwaria.franciszkanie.net\/index.php\/sw-franciszek-z-asyzu\/pozdrowienie-blogoslawionej-maryi-dziewicy\/"]}]},{"@type":"BreadcrumbList","@id":"https:\/\/pakosc-kalwaria.franciszkanie.net\/index.php\/sw-franciszek-z-asyzu\/pozdrowienie-blogoslawionej-maryi-dziewicy\/#breadcrumb","itemListElement":[{"@type":"ListItem","position":1,"name":"Strona g\u0142\u00f3wna","item":"https:\/\/pakosc-kalwaria.franciszkanie.net\/"},{"@type":"ListItem","position":2,"name":"\u015aW. FRANCISZEK Z ASY\u017bU","item":"https:\/\/pakosc-kalwaria.franciszkanie.net\/index.php\/sw-franciszek-z-asyzu\/"},{"@type":"ListItem","position":3,"name":"POZDROWIENIE B\u0141OGOS\u0141AWIONEJ MARYI DZIEWICY"}]}]}},"_links":{"self":[{"href":"https:\/\/pakosc-kalwaria.franciszkanie.net\/index.php\/wp-json\/wp\/v2\/pages\/109"}],"collection":[{"href":"https:\/\/pakosc-kalwaria.franciszkanie.net\/index.php\/wp-json\/wp\/v2\/pages"}],"about":[{"href":"https:\/\/pakosc-kalwaria.franciszkanie.net\/index.php\/wp-json\/wp\/v2\/types\/page"}],"author":[{"embeddable":true,"href":"https:\/\/pakosc-kalwaria.franciszkanie.net\/index.php\/wp-json\/wp\/v2\/users\/5"}],"replies":[{"embeddable":true,"href":"https:\/\/pakosc-kalwaria.franciszkanie.net\/index.php\/wp-json\/wp\/v2\/comments?post=109"}],"version-history":[{"count":2,"href":"https:\/\/pakosc-kalwaria.franciszkanie.net\/index.php\/wp-json\/wp\/v2\/pages\/109\/revisions"}],"predecessor-version":[{"id":111,"href":"https:\/\/pakosc-kalwaria.franciszkanie.net\/index.php\/wp-json\/wp\/v2\/pages\/109\/revisions\/111"}],"up":[{"embeddable":true,"href":"https:\/\/pakosc-kalwaria.franciszkanie.net\/index.php\/wp-json\/wp\/v2\/pages\/67"}],"wp:attachment":[{"href":"https:\/\/pakosc-kalwaria.franciszkanie.net\/index.php\/wp-json\/wp\/v2\/media?parent=109"}],"curies":[{"name":"wp","href":"https:\/\/api.w.org\/{rel}","templated":true}]}}