{"id":141,"date":"2016-07-15T13:49:13","date_gmt":"2016-07-15T11:49:13","guid":{"rendered":"http:\/\/pakosc-kalwaria.franciszkanie.net\/?page_id=141"},"modified":"2016-07-15T13:49:13","modified_gmt":"2016-07-15T11:49:13","slug":"modlitwa-pochwalna-i-dziekczynna","status":"publish","type":"page","link":"https:\/\/pakosc-kalwaria.franciszkanie.net\/index.php\/sw-franciszek-z-asyzu\/modlitwa-pochwalna-i-dziekczynna\/","title":{"rendered":"MODLITWA POCHWALNA I DZI\u0118KCZYNNA"},"content":{"rendered":"<p>Wszechmog\u0105cy, naj\u015bwi\u0119tszy i najwy\u017cszy Bo\u017ce, Ojcze \u015awi\u0119ty i sprawiedliwy, Panie, Kr\u00f3lu nieba i ziemi, dzi\u0119ki Ci sk\u0142adamy z powodu Ciebie samego, \u017ce \u015bwi\u0119t\u0105 wol\u0105 Twoj\u0105 i przez jedynego Syna Twego stworzy\u0142e\u015b w Duchu \u015awi\u0119tym wszystkie byty duchowe i cielesne, a nas uczyni\u0142e\u015b na obraz i na podobie\u0144stwo (por. Rdz 1, 26) Twoje i umie\u015bci\u0142e\u015b w raju (por. Rdz 2, 15). My za\u015b upadli\u015bmy z w\u0142asnej winy. I dzi\u0119ki Ci sk\u0142adamy, \u017ce jak stworzy\u0142e\u015b nas przez Syna Twojego, tak przez prawdziw\u0105 i \u015bwi\u0119t\u0105 mi\u0142o\u015b\u0107, kt\u00f3r\u0105 nas umi\u0142owa\u0142e\u015b (por. J 17, 26), sprawi\u0142e\u015b, \u017ce On, prawdziwy B\u00f3g i prawdziwy Cz\u0142owiek, narodzi\u0142 si\u0119 z chwalebnej, b\u0142ogos\u0142awionej, \u015bwi\u0119tej Dziewicy Maryi. Przez Jego krzy\u017c, krew i \u015bmier\u0107 zechcia\u0142e\u015b nas wykupi\u0107 z niewoli. I dzi\u0119ki Ci sk\u0142adamy, \u017ce Syn Tw\u00f3j przyjdzie powt\u00f3rnie w chwale swego majestatu str\u0105ci\u0107 w ogie\u0144 wieczny przekl\u0119tych, kt\u00f3rzy nie czynili pokuty i nie poznali Ciebie, a wszystkim, kt\u00f3rzy Ci\u0119 poznali i uwielbili, i s\u0142u\u017cyli Ci w pokucie, powie: P\u00f3jd\u017acie, b\u0142ogos\u0142awieni Ojca mego, we\u017acie kr\u00f3lestwo, zgotowane wam od pocz\u0105tku \u015bwiata (por. Mt 25,34).<br \/>\nA poniewa\u017c my, n\u0119dzni i grzeszni, wszyscy razem nie jeste\u015bmy godni wym\u00f3wi\u0107 Twego imienia, b\u0142agamy pokornie, aby Pan nasz Jezus Chrystus, Syn Tw\u00f3j mi\u0142y, w kt\u00f3rym sobie dobrze upodoba\u0142e\u015b (por. Mt 17, 5), sk\u0142ada\u0142 Ci za wszystko dzi\u0119ki wraz z Duchem \u015awi\u0119tym Pocieszycielem tak, jak Tobie i Jemu si\u0119 podoba. On Ci zawsze za wszystko wystarczy, przez Niego tyle dla nas uczyni\u0142e\u015b. Alleluja. I chwalebn\u0105 Jego Matk\u0119, Naj\u015bwi\u0119tsz\u0105 Maryj\u0119 zawsze Dziewic\u0119, \u015bwi\u0119tych Micha\u0142a, Gabriela, Rafa\u0142a i wszystkie ch\u00f3ry b\u0142ogos\u0142awionych duch\u00f3w, serafin\u00f3w, cherubin\u00f3w i tron\u00f3w, panowa\u0144, zwierzchno\u015bci i w\u0142adz, mocy, anio\u0142\u00f3w, archanio\u0142\u00f3w, \u015bwi\u0119tego Jana Chrzciciela, Jana Ewangelist\u0119, Piotra, Paw\u0142a i \u015bwi\u0119tych patriarch\u00f3w, prorok\u00f3w, m\u0142odziank\u00f3w, aposto\u0142\u00f3w, ewangelist\u00f3w, uczni\u00f3w, m\u0119czennik\u00f3w, wyznawc\u00f3w, dziewice, \u015bwi\u0119tych Eliasza i Henocha i wszystkich \u015bwi\u0119tych, kt\u00f3rzy byli i b\u0119d\u0105, i s\u0105, przez mi\u0142o\u015b\u0107 Twoj\u0105 pokornie prosimy, aby, tak jako Tobie si\u0119 podoba, dzi\u0119ki Ci sk\u0142adali za wszystko, Bogu najwy\u017cszemu i prawdziwemu, wiecznemu i \u017cywemu, z Synem Twoim najmilszym, Panem naszym Jezusem Chrystusem i Duchem \u015awi\u0119tym Pocieszycielem na wieki wiek\u00f3w. Amen. Alleluja.<\/p>\n","protected":false},"excerpt":{"rendered":"<p>Wszechmog\u0105cy, naj\u015bwi\u0119tszy i najwy\u017cszy Bo\u017ce, Ojcze \u015awi\u0119ty i sprawiedliwy, Panie, Kr\u00f3lu nieba i ziemi, dzi\u0119ki Ci sk\u0142adamy z powodu Ciebie samego, \u017ce \u015bwi\u0119t\u0105 wol\u0105 Twoj\u0105 i przez jedynego Syna Twego stworzy\u0142e\u015b w Duchu \u015awi\u0119tym wszystkie byty duchowe i cielesne, a nas uczyni\u0142e\u015b na obraz i na podobie\u0144stwo (por. Rdz 1, 26) Twoje i umie\u015bci\u0142e\u015b w &hellip;<\/p>\n","protected":false},"author":5,"featured_media":0,"parent":67,"menu_order":0,"comment_status":"closed","ping_status":"closed","template":"","meta":{"_mi_skip_tracking":false,"_exactmetrics_sitenote_active":false,"_exactmetrics_sitenote_note":"","_exactmetrics_sitenote_category":0},"yoast_head":"<!-- This site is optimized with the Yoast SEO plugin v18.1 - https:\/\/yoast.com\/wordpress\/plugins\/seo\/ -->\n<title>MODLITWA POCHWALNA I DZI\u0118KCZYNNA - Pako\u015b\u0107 \u2013 Kalwaria<\/title>\n<meta name=\"robots\" content=\"index, follow, max-snippet:-1, max-image-preview:large, max-video-preview:-1\" \/>\n<link rel=\"canonical\" href=\"https:\/\/pakosc-kalwaria.franciszkanie.net\/index.php\/sw-franciszek-z-asyzu\/modlitwa-pochwalna-i-dziekczynna\/\" \/>\n<meta property=\"og:locale\" content=\"pl_PL\" \/>\n<meta property=\"og:type\" content=\"article\" \/>\n<meta property=\"og:title\" content=\"MODLITWA POCHWALNA I DZI\u0118KCZYNNA - Pako\u015b\u0107 \u2013 Kalwaria\" \/>\n<meta property=\"og:description\" content=\"Wszechmog\u0105cy, naj\u015bwi\u0119tszy i najwy\u017cszy Bo\u017ce, Ojcze \u015awi\u0119ty i sprawiedliwy, Panie, Kr\u00f3lu nieba i ziemi, dzi\u0119ki Ci sk\u0142adamy z powodu Ciebie samego, \u017ce \u015bwi\u0119t\u0105 wol\u0105 Twoj\u0105 i przez jedynego Syna Twego stworzy\u0142e\u015b w Duchu \u015awi\u0119tym wszystkie byty duchowe i cielesne, a nas uczyni\u0142e\u015b na obraz i na podobie\u0144stwo (por. Rdz 1, 26) Twoje i umie\u015bci\u0142e\u015b w &hellip;\" \/>\n<meta property=\"og:url\" content=\"https:\/\/pakosc-kalwaria.franciszkanie.net\/index.php\/sw-franciszek-z-asyzu\/modlitwa-pochwalna-i-dziekczynna\/\" \/>\n<meta property=\"og:site_name\" content=\"Pako\u015b\u0107 \u2013 Kalwaria\" \/>\n<meta name=\"twitter:card\" content=\"summary\" \/>\n<meta name=\"twitter:label1\" content=\"Szacowany czas czytania\" \/>\n\t<meta name=\"twitter:data1\" content=\"2 minuty\" \/>\n<script type=\"application\/ld+json\" class=\"yoast-schema-graph\">{\"@context\":\"https:\/\/schema.org\",\"@graph\":[{\"@type\":\"WebSite\",\"@id\":\"https:\/\/pakosc-kalwaria.franciszkanie.net\/#website\",\"url\":\"https:\/\/pakosc-kalwaria.franciszkanie.net\/\",\"name\":\"Pako\u015b\u0107 \u2013 Kalwaria\",\"description\":\"Parafia Rzymsko \u2013 Katolicka p.w. Pana Jezusa Ukrzy\u017cowanego i  Matki Bo\u017cej Bolesnej ul. Barci\u0144ska 60, 88\u2013170 Pako\u015b\u0107 \u2013 Kalwaria\",\"potentialAction\":[{\"@type\":\"SearchAction\",\"target\":{\"@type\":\"EntryPoint\",\"urlTemplate\":\"https:\/\/pakosc-kalwaria.franciszkanie.net\/?s={search_term_string}\"},\"query-input\":\"required name=search_term_string\"}],\"inLanguage\":\"pl-PL\"},{\"@type\":\"WebPage\",\"@id\":\"https:\/\/pakosc-kalwaria.franciszkanie.net\/index.php\/sw-franciszek-z-asyzu\/modlitwa-pochwalna-i-dziekczynna\/#webpage\",\"url\":\"https:\/\/pakosc-kalwaria.franciszkanie.net\/index.php\/sw-franciszek-z-asyzu\/modlitwa-pochwalna-i-dziekczynna\/\",\"name\":\"MODLITWA POCHWALNA I DZI\u0118KCZYNNA - Pako\u015b\u0107 \u2013 Kalwaria\",\"isPartOf\":{\"@id\":\"https:\/\/pakosc-kalwaria.franciszkanie.net\/#website\"},\"datePublished\":\"2016-07-15T11:49:13+00:00\",\"dateModified\":\"2016-07-15T11:49:13+00:00\",\"breadcrumb\":{\"@id\":\"https:\/\/pakosc-kalwaria.franciszkanie.net\/index.php\/sw-franciszek-z-asyzu\/modlitwa-pochwalna-i-dziekczynna\/#breadcrumb\"},\"inLanguage\":\"pl-PL\",\"potentialAction\":[{\"@type\":\"ReadAction\",\"target\":[\"https:\/\/pakosc-kalwaria.franciszkanie.net\/index.php\/sw-franciszek-z-asyzu\/modlitwa-pochwalna-i-dziekczynna\/\"]}]},{\"@type\":\"BreadcrumbList\",\"@id\":\"https:\/\/pakosc-kalwaria.franciszkanie.net\/index.php\/sw-franciszek-z-asyzu\/modlitwa-pochwalna-i-dziekczynna\/#breadcrumb\",\"itemListElement\":[{\"@type\":\"ListItem\",\"position\":1,\"name\":\"Strona g\u0142\u00f3wna\",\"item\":\"https:\/\/pakosc-kalwaria.franciszkanie.net\/\"},{\"@type\":\"ListItem\",\"position\":2,\"name\":\"\u015aW. FRANCISZEK Z ASY\u017bU\",\"item\":\"https:\/\/pakosc-kalwaria.franciszkanie.net\/index.php\/sw-franciszek-z-asyzu\/\"},{\"@type\":\"ListItem\",\"position\":3,\"name\":\"MODLITWA POCHWALNA I DZI\u0118KCZYNNA\"}]}]}<\/script>\n<!-- \/ Yoast SEO plugin. -->","yoast_head_json":{"title":"MODLITWA POCHWALNA I DZI\u0118KCZYNNA - Pako\u015b\u0107 \u2013 Kalwaria","robots":{"index":"index","follow":"follow","max-snippet":"max-snippet:-1","max-image-preview":"max-image-preview:large","max-video-preview":"max-video-preview:-1"},"canonical":"https:\/\/pakosc-kalwaria.franciszkanie.net\/index.php\/sw-franciszek-z-asyzu\/modlitwa-pochwalna-i-dziekczynna\/","og_locale":"pl_PL","og_type":"article","og_title":"MODLITWA POCHWALNA I DZI\u0118KCZYNNA - Pako\u015b\u0107 \u2013 Kalwaria","og_description":"Wszechmog\u0105cy, naj\u015bwi\u0119tszy i najwy\u017cszy Bo\u017ce, Ojcze \u015awi\u0119ty i sprawiedliwy, Panie, Kr\u00f3lu nieba i ziemi, dzi\u0119ki Ci sk\u0142adamy z powodu Ciebie samego, \u017ce \u015bwi\u0119t\u0105 wol\u0105 Twoj\u0105 i przez jedynego Syna Twego stworzy\u0142e\u015b w Duchu \u015awi\u0119tym wszystkie byty duchowe i cielesne, a nas uczyni\u0142e\u015b na obraz i na podobie\u0144stwo (por. Rdz 1, 26) Twoje i umie\u015bci\u0142e\u015b w &hellip;","og_url":"https:\/\/pakosc-kalwaria.franciszkanie.net\/index.php\/sw-franciszek-z-asyzu\/modlitwa-pochwalna-i-dziekczynna\/","og_site_name":"Pako\u015b\u0107 \u2013 Kalwaria","twitter_card":"summary","twitter_misc":{"Szacowany czas czytania":"2 minuty"},"schema":{"@context":"https:\/\/schema.org","@graph":[{"@type":"WebSite","@id":"https:\/\/pakosc-kalwaria.franciszkanie.net\/#website","url":"https:\/\/pakosc-kalwaria.franciszkanie.net\/","name":"Pako\u015b\u0107 \u2013 Kalwaria","description":"Parafia Rzymsko \u2013 Katolicka p.w. Pana Jezusa Ukrzy\u017cowanego i  Matki Bo\u017cej Bolesnej ul. Barci\u0144ska 60, 88\u2013170 Pako\u015b\u0107 \u2013 Kalwaria","potentialAction":[{"@type":"SearchAction","target":{"@type":"EntryPoint","urlTemplate":"https:\/\/pakosc-kalwaria.franciszkanie.net\/?s={search_term_string}"},"query-input":"required name=search_term_string"}],"inLanguage":"pl-PL"},{"@type":"WebPage","@id":"https:\/\/pakosc-kalwaria.franciszkanie.net\/index.php\/sw-franciszek-z-asyzu\/modlitwa-pochwalna-i-dziekczynna\/#webpage","url":"https:\/\/pakosc-kalwaria.franciszkanie.net\/index.php\/sw-franciszek-z-asyzu\/modlitwa-pochwalna-i-dziekczynna\/","name":"MODLITWA POCHWALNA I DZI\u0118KCZYNNA - Pako\u015b\u0107 \u2013 Kalwaria","isPartOf":{"@id":"https:\/\/pakosc-kalwaria.franciszkanie.net\/#website"},"datePublished":"2016-07-15T11:49:13+00:00","dateModified":"2016-07-15T11:49:13+00:00","breadcrumb":{"@id":"https:\/\/pakosc-kalwaria.franciszkanie.net\/index.php\/sw-franciszek-z-asyzu\/modlitwa-pochwalna-i-dziekczynna\/#breadcrumb"},"inLanguage":"pl-PL","potentialAction":[{"@type":"ReadAction","target":["https:\/\/pakosc-kalwaria.franciszkanie.net\/index.php\/sw-franciszek-z-asyzu\/modlitwa-pochwalna-i-dziekczynna\/"]}]},{"@type":"BreadcrumbList","@id":"https:\/\/pakosc-kalwaria.franciszkanie.net\/index.php\/sw-franciszek-z-asyzu\/modlitwa-pochwalna-i-dziekczynna\/#breadcrumb","itemListElement":[{"@type":"ListItem","position":1,"name":"Strona g\u0142\u00f3wna","item":"https:\/\/pakosc-kalwaria.franciszkanie.net\/"},{"@type":"ListItem","position":2,"name":"\u015aW. FRANCISZEK Z ASY\u017bU","item":"https:\/\/pakosc-kalwaria.franciszkanie.net\/index.php\/sw-franciszek-z-asyzu\/"},{"@type":"ListItem","position":3,"name":"MODLITWA POCHWALNA I DZI\u0118KCZYNNA"}]}]}},"_links":{"self":[{"href":"https:\/\/pakosc-kalwaria.franciszkanie.net\/index.php\/wp-json\/wp\/v2\/pages\/141"}],"collection":[{"href":"https:\/\/pakosc-kalwaria.franciszkanie.net\/index.php\/wp-json\/wp\/v2\/pages"}],"about":[{"href":"https:\/\/pakosc-kalwaria.franciszkanie.net\/index.php\/wp-json\/wp\/v2\/types\/page"}],"author":[{"embeddable":true,"href":"https:\/\/pakosc-kalwaria.franciszkanie.net\/index.php\/wp-json\/wp\/v2\/users\/5"}],"replies":[{"embeddable":true,"href":"https:\/\/pakosc-kalwaria.franciszkanie.net\/index.php\/wp-json\/wp\/v2\/comments?post=141"}],"version-history":[{"count":1,"href":"https:\/\/pakosc-kalwaria.franciszkanie.net\/index.php\/wp-json\/wp\/v2\/pages\/141\/revisions"}],"predecessor-version":[{"id":142,"href":"https:\/\/pakosc-kalwaria.franciszkanie.net\/index.php\/wp-json\/wp\/v2\/pages\/141\/revisions\/142"}],"up":[{"embeddable":true,"href":"https:\/\/pakosc-kalwaria.franciszkanie.net\/index.php\/wp-json\/wp\/v2\/pages\/67"}],"wp:attachment":[{"href":"https:\/\/pakosc-kalwaria.franciszkanie.net\/index.php\/wp-json\/wp\/v2\/media?parent=141"}],"curies":[{"name":"wp","href":"https:\/\/api.w.org\/{rel}","templated":true}]}}