{"id":1548,"date":"2017-02-08T18:47:45","date_gmt":"2017-02-08T17:47:45","guid":{"rendered":"http:\/\/pakosc-kalwaria.franciszkanie.net\/?page_id=1548"},"modified":"2023-10-09T12:02:19","modified_gmt":"2023-10-09T10:02:19","slug":"liturgiczna-sluzba-oltarza","status":"publish","type":"page","link":"https:\/\/pakosc-kalwaria.franciszkanie.net\/index.php\/liturgiczna-sluzba-oltarza\/","title":{"rendered":"LITURGICZNA S\u0141U\u017bBA O\u0141TARZA"},"content":{"rendered":"<p><strong><u><span style=\"color: #ff0000;\">Pierwszy Czwartek<\/span><br \/>\n<\/u><\/strong>16.30 \u2013 Spowied\u017a \u015bw.<br \/>\n<strong>17.00 \u2013 Msza \u015bw. w intencji ministrant\u00f3w i ich Rodzin<\/strong><\/p>\n<p><span style=\"text-decoration: underline;\"><span style=\"color: #ff0000; text-decoration: underline;\"><strong><span style=\"color: #ff0000; text-decoration: underline;\">Zapraszamy ch\u0142opc\u00f3w, kt\u00f3rzy pragn\u0105 zosta\u0107 ministrantami w naszym kalwaryjskim ko\u015bciele.<\/span><\/strong><\/span><\/span><br \/>\n<strong> Zg\u0142oszenia przyjmujemy w zakrystii przed lub po Mszy \u015bw.<br \/>\nZach\u0119camy do s\u0142u\u017cby przy o\u0142tarzu tak\u017ce by\u0142ych ministrant\u00f3w.<\/strong><u><br \/>\n<\/u><\/p>\n<p><strong><span style=\"color: #ff0000;\"><br \/>\n<span style=\"text-decoration: underline;\">Ministrant<\/span><\/span><\/strong> (\u0142ac. <em>ministrare<\/em>&#8211; s\u0142u\u017cy\u0107, pos\u0142ugiwa\u0107, pomaga\u0107) \u2013 to osoba pos\u0142uguj\u0105ca przy celebracji Mszy \u015bw. oraz przy sprawowaniu pozosta\u0142ych sakrament\u00f3w i sakramentali\u00f3w (np. b\u0142ogos\u0142awie\u0144stwa, \u015bluby, pogrzeby, czy nabo\u017ce\u0144stwa). Ministranci s\u0105 wiernymi \u015bwieckimi. Zaleca si\u0119, aby po okresie przygotowawczym zostali uroczy\u015bcie pob\u0142ogos\u0142awieni do pe\u0142nienia funkcji ministranta w Zgromadzeniu Liturgicznym.<br \/>\n<strong>Stopnie formacji ministranckiej: <\/strong>kandydat, ministrant, lektor, ceremoniarz.<\/p>\n<p><strong><span style=\"color: #ff0000;\">Zasady ministranta:<\/span><br \/>\n<\/strong>1. Ministrant kocha Boga i dla Jego chwa\u0142y wzorowo spe\u0142nia swoje obowi\u0105zki.<br \/>\n2. Ministrant s\u0142u\u017cy Chrystusowi w ludziach<br \/>\n3. Ministrant zwalcza swoje wady i pracuje nad swoim charakterem.<br \/>\n4. Ministrant rozwija w sobie \u017cycie Bo\u017ce.<br \/>\n5. Ministrant poznaje liturgi\u0119 i \u017cyje ni\u0105.<br \/>\n6. Ministrant wznosi wsz\u0119dzie prawdziw\u0105 rado\u015b\u0107.<br \/>\n7. Ministrant prze\u017cywa Boga w przyrodzie.<br \/>\n8. Ministrant zdobywa koleg\u00f3w w pracy i zabawie dla Chrystusa.<br \/>\n9. Ministrant jest pilny i sumienny w nauce i pracy zawodowej.<br \/>\n10. Ministrant modli si\u0119 za Ojczyzn\u0119 i s\u0142u\u017cy jej rzeteln\u0105 prac\u0105.<\/p>\n<p><strong><u><br \/>\n<\/u><span style=\"color: #ff0000;\">Patronowie ministrant\u00f3w<\/span><\/strong><span style=\"color: #ff0000;\">:<\/span><u><br \/>\n<\/u>&#8211; \u015bw. Tarsycjusz &#8211; m\u0119czennik rzymski, III wiek<br \/>\n&#8211; \u015bw. Stanis\u0142aw Kostka &#8211; XVI wiek (Polska)<br \/>\n&#8211; \u015bw. Alojzy Gonzaga &#8211; XVI wiek (W\u0142ochy)<br \/>\n&#8211; \u015bw. Dominik Savio -XIX wiek (W\u0142ochy)<\/p>\n<p><strong>Ka\u017cdy z nich osi\u0105gn\u0105\u0142 doskona\u0142o\u015b\u0107 dzi\u0119ki:<\/strong><br \/>\n&#8211; pracowito\u015bci<br \/>\n&#8211; sumienno\u015bci<br \/>\n&#8211; gorliwo\u015bci<br \/>\n&#8211; \u017carliwej modlitwie<br \/>\n&#8211; codziennemu na\u015bladowaniu Chrystusa<br \/>\n<strong>Patronowie Ministrant\u00f3w ucz\u0105 nas, \u017ce Jezus ka\u017cdego zaprasza nas na drog\u0119 do \u015bwi\u0119to\u015bci<br \/>\n<\/strong><\/p>\n<p><span style=\"color: #ff0000;\"><strong><br \/>\nModlitwy przed i po s\u0142u\u017ceniu:<\/strong><\/span><\/p>\n<p><strong>Przed s\u0142u\u017ceniem<\/strong><br \/>\nOto za chwil\u0119 przyst\u0105pi\u0119 &#8222;Do O\u0142tarza Bo\u017cego, do Boga, kt\u00f3ry rozwesela m\u0142odo\u015b\u0107 moj\u0105&#8221;.<br \/>\nDo \u015bwi\u0119tej przyst\u0119puj\u0119 s\u0142u\u017cby. Chc\u0119 j\u0105 dobrze pe\u0142ni\u0107.<br \/>\nProsz\u0119 Ci\u0119, Panie Jezu, o \u0142ask\u0119 skupienia,<br \/>\nby my\u015bli moje by\u0142y przy Tobie,<br \/>\nby oczy moje by\u0142y zwr\u00f3cone na o\u0142tarz,<br \/>\na serce moje oddane tylko Tobie. Amen.<\/p>\n<p><strong>Po s\u0142u\u017ceniu<\/strong><br \/>\nBo\u017ce, kt\u00f3rego dobro\u0107 powo\u0142a\u0142a mnie do Twej s\u0142u\u017cby,<br \/>\nspraw, bym u\u015bwi\u0119cony uczestnictwem w Twych tajemnicach<br \/>\nprzez dzie\u0144 dzisiejszy i ca\u0142e me \u017cycie,<br \/>\nszed\u0142 tylko drog\u0105 zbawienia.<br \/>\nPrzez Chrystusa, Pana naszego. Amen<\/p>\n","protected":false},"excerpt":{"rendered":"<p>Pierwszy Czwartek 16.30 \u2013 Spowied\u017a \u015bw. 17.00 \u2013 Msza \u015bw. w intencji ministrant\u00f3w i ich Rodzin Zapraszamy ch\u0142opc\u00f3w, kt\u00f3rzy pragn\u0105 zosta\u0107 ministrantami w naszym kalwaryjskim ko\u015bciele. Zg\u0142oszenia przyjmujemy w zakrystii przed lub po Mszy \u015bw. Zach\u0119camy do s\u0142u\u017cby przy o\u0142tarzu tak\u017ce by\u0142ych ministrant\u00f3w. Ministrant (\u0142ac. ministrare&#8211; s\u0142u\u017cy\u0107, pos\u0142ugiwa\u0107, pomaga\u0107) \u2013 to osoba pos\u0142uguj\u0105ca przy celebracji &hellip;<\/p>\n","protected":false},"author":5,"featured_media":1412,"parent":0,"menu_order":0,"comment_status":"closed","ping_status":"closed","template":"","meta":{"_mi_skip_tracking":false,"_exactmetrics_sitenote_active":false,"_exactmetrics_sitenote_note":"","_exactmetrics_sitenote_category":0},"yoast_head":"<!-- This site is optimized with the Yoast SEO plugin v18.1 - https:\/\/yoast.com\/wordpress\/plugins\/seo\/ -->\n<title>LITURGICZNA S\u0141U\u017bBA O\u0141TARZA - Pako\u015b\u0107 \u2013 Kalwaria<\/title>\n<meta name=\"robots\" content=\"index, follow, max-snippet:-1, max-image-preview:large, max-video-preview:-1\" \/>\n<link rel=\"canonical\" href=\"https:\/\/pakosc-kalwaria.franciszkanie.net\/index.php\/liturgiczna-sluzba-oltarza\/\" \/>\n<meta property=\"og:locale\" content=\"pl_PL\" \/>\n<meta property=\"og:type\" content=\"article\" \/>\n<meta property=\"og:title\" content=\"LITURGICZNA S\u0141U\u017bBA O\u0141TARZA - Pako\u015b\u0107 \u2013 Kalwaria\" \/>\n<meta property=\"og:description\" content=\"Pierwszy Czwartek 16.30 \u2013 Spowied\u017a \u015bw. 17.00 \u2013 Msza \u015bw. w intencji ministrant\u00f3w i ich Rodzin Zapraszamy ch\u0142opc\u00f3w, kt\u00f3rzy pragn\u0105 zosta\u0107 ministrantami w naszym kalwaryjskim ko\u015bciele. Zg\u0142oszenia przyjmujemy w zakrystii przed lub po Mszy \u015bw. Zach\u0119camy do s\u0142u\u017cby przy o\u0142tarzu tak\u017ce by\u0142ych ministrant\u00f3w. Ministrant (\u0142ac. ministrare&#8211; s\u0142u\u017cy\u0107, pos\u0142ugiwa\u0107, pomaga\u0107) \u2013 to osoba pos\u0142uguj\u0105ca przy celebracji &hellip;\" \/>\n<meta property=\"og:url\" content=\"https:\/\/pakosc-kalwaria.franciszkanie.net\/index.php\/liturgiczna-sluzba-oltarza\/\" \/>\n<meta property=\"og:site_name\" content=\"Pako\u015b\u0107 \u2013 Kalwaria\" \/>\n<meta property=\"article:modified_time\" content=\"2023-10-09T10:02:19+00:00\" \/>\n<meta property=\"og:image\" content=\"http:\/\/pakosc-kalwaria.franciszkanie.net\/wp-content\/uploads\/2017\/01\/logo.png\" \/>\n\t<meta property=\"og:image:width\" content=\"200\" \/>\n\t<meta property=\"og:image:height\" content=\"282\" \/>\n\t<meta property=\"og:image:type\" content=\"image\/png\" \/>\n<meta name=\"twitter:card\" content=\"summary\" \/>\n<meta name=\"twitter:label1\" content=\"Szacowany czas czytania\" \/>\n\t<meta name=\"twitter:data1\" content=\"3 minuty\" \/>\n<script type=\"application\/ld+json\" class=\"yoast-schema-graph\">{\"@context\":\"https:\/\/schema.org\",\"@graph\":[{\"@type\":\"WebSite\",\"@id\":\"https:\/\/pakosc-kalwaria.franciszkanie.net\/#website\",\"url\":\"https:\/\/pakosc-kalwaria.franciszkanie.net\/\",\"name\":\"Pako\u015b\u0107 \u2013 Kalwaria\",\"description\":\"Parafia Rzymsko \u2013 Katolicka p.w. Pana Jezusa Ukrzy\u017cowanego i  Matki Bo\u017cej Bolesnej ul. Barci\u0144ska 60, 88\u2013170 Pako\u015b\u0107 \u2013 Kalwaria\",\"potentialAction\":[{\"@type\":\"SearchAction\",\"target\":{\"@type\":\"EntryPoint\",\"urlTemplate\":\"https:\/\/pakosc-kalwaria.franciszkanie.net\/?s={search_term_string}\"},\"query-input\":\"required name=search_term_string\"}],\"inLanguage\":\"pl-PL\"},{\"@type\":\"ImageObject\",\"@id\":\"https:\/\/pakosc-kalwaria.franciszkanie.net\/index.php\/liturgiczna-sluzba-oltarza\/#primaryimage\",\"inLanguage\":\"pl-PL\",\"url\":\"https:\/\/pakosc-kalwaria.franciszkanie.net\/wp-content\/uploads\/2017\/01\/logo.png\",\"contentUrl\":\"https:\/\/pakosc-kalwaria.franciszkanie.net\/wp-content\/uploads\/2017\/01\/logo.png\",\"width\":200,\"height\":282},{\"@type\":\"WebPage\",\"@id\":\"https:\/\/pakosc-kalwaria.franciszkanie.net\/index.php\/liturgiczna-sluzba-oltarza\/#webpage\",\"url\":\"https:\/\/pakosc-kalwaria.franciszkanie.net\/index.php\/liturgiczna-sluzba-oltarza\/\",\"name\":\"LITURGICZNA S\u0141U\u017bBA O\u0141TARZA - Pako\u015b\u0107 \u2013 Kalwaria\",\"isPartOf\":{\"@id\":\"https:\/\/pakosc-kalwaria.franciszkanie.net\/#website\"},\"primaryImageOfPage\":{\"@id\":\"https:\/\/pakosc-kalwaria.franciszkanie.net\/index.php\/liturgiczna-sluzba-oltarza\/#primaryimage\"},\"datePublished\":\"2017-02-08T17:47:45+00:00\",\"dateModified\":\"2023-10-09T10:02:19+00:00\",\"breadcrumb\":{\"@id\":\"https:\/\/pakosc-kalwaria.franciszkanie.net\/index.php\/liturgiczna-sluzba-oltarza\/#breadcrumb\"},\"inLanguage\":\"pl-PL\",\"potentialAction\":[{\"@type\":\"ReadAction\",\"target\":[\"https:\/\/pakosc-kalwaria.franciszkanie.net\/index.php\/liturgiczna-sluzba-oltarza\/\"]}]},{\"@type\":\"BreadcrumbList\",\"@id\":\"https:\/\/pakosc-kalwaria.franciszkanie.net\/index.php\/liturgiczna-sluzba-oltarza\/#breadcrumb\",\"itemListElement\":[{\"@type\":\"ListItem\",\"position\":1,\"name\":\"Strona g\u0142\u00f3wna\",\"item\":\"https:\/\/pakosc-kalwaria.franciszkanie.net\/\"},{\"@type\":\"ListItem\",\"position\":2,\"name\":\"LITURGICZNA S\u0141U\u017bBA O\u0141TARZA\"}]}]}<\/script>\n<!-- \/ Yoast SEO plugin. -->","yoast_head_json":{"title":"LITURGICZNA S\u0141U\u017bBA O\u0141TARZA - Pako\u015b\u0107 \u2013 Kalwaria","robots":{"index":"index","follow":"follow","max-snippet":"max-snippet:-1","max-image-preview":"max-image-preview:large","max-video-preview":"max-video-preview:-1"},"canonical":"https:\/\/pakosc-kalwaria.franciszkanie.net\/index.php\/liturgiczna-sluzba-oltarza\/","og_locale":"pl_PL","og_type":"article","og_title":"LITURGICZNA S\u0141U\u017bBA O\u0141TARZA - Pako\u015b\u0107 \u2013 Kalwaria","og_description":"Pierwszy Czwartek 16.30 \u2013 Spowied\u017a \u015bw. 17.00 \u2013 Msza \u015bw. w intencji ministrant\u00f3w i ich Rodzin Zapraszamy ch\u0142opc\u00f3w, kt\u00f3rzy pragn\u0105 zosta\u0107 ministrantami w naszym kalwaryjskim ko\u015bciele. Zg\u0142oszenia przyjmujemy w zakrystii przed lub po Mszy \u015bw. Zach\u0119camy do s\u0142u\u017cby przy o\u0142tarzu tak\u017ce by\u0142ych ministrant\u00f3w. Ministrant (\u0142ac. ministrare&#8211; s\u0142u\u017cy\u0107, pos\u0142ugiwa\u0107, pomaga\u0107) \u2013 to osoba pos\u0142uguj\u0105ca przy celebracji &hellip;","og_url":"https:\/\/pakosc-kalwaria.franciszkanie.net\/index.php\/liturgiczna-sluzba-oltarza\/","og_site_name":"Pako\u015b\u0107 \u2013 Kalwaria","article_modified_time":"2023-10-09T10:02:19+00:00","og_image":[{"width":200,"height":282,"url":"http:\/\/pakosc-kalwaria.franciszkanie.net\/wp-content\/uploads\/2017\/01\/logo.png","type":"image\/png"}],"twitter_card":"summary","twitter_misc":{"Szacowany czas czytania":"3 minuty"},"schema":{"@context":"https:\/\/schema.org","@graph":[{"@type":"WebSite","@id":"https:\/\/pakosc-kalwaria.franciszkanie.net\/#website","url":"https:\/\/pakosc-kalwaria.franciszkanie.net\/","name":"Pako\u015b\u0107 \u2013 Kalwaria","description":"Parafia Rzymsko \u2013 Katolicka p.w. Pana Jezusa Ukrzy\u017cowanego i  Matki Bo\u017cej Bolesnej ul. Barci\u0144ska 60, 88\u2013170 Pako\u015b\u0107 \u2013 Kalwaria","potentialAction":[{"@type":"SearchAction","target":{"@type":"EntryPoint","urlTemplate":"https:\/\/pakosc-kalwaria.franciszkanie.net\/?s={search_term_string}"},"query-input":"required name=search_term_string"}],"inLanguage":"pl-PL"},{"@type":"ImageObject","@id":"https:\/\/pakosc-kalwaria.franciszkanie.net\/index.php\/liturgiczna-sluzba-oltarza\/#primaryimage","inLanguage":"pl-PL","url":"https:\/\/pakosc-kalwaria.franciszkanie.net\/wp-content\/uploads\/2017\/01\/logo.png","contentUrl":"https:\/\/pakosc-kalwaria.franciszkanie.net\/wp-content\/uploads\/2017\/01\/logo.png","width":200,"height":282},{"@type":"WebPage","@id":"https:\/\/pakosc-kalwaria.franciszkanie.net\/index.php\/liturgiczna-sluzba-oltarza\/#webpage","url":"https:\/\/pakosc-kalwaria.franciszkanie.net\/index.php\/liturgiczna-sluzba-oltarza\/","name":"LITURGICZNA S\u0141U\u017bBA O\u0141TARZA - Pako\u015b\u0107 \u2013 Kalwaria","isPartOf":{"@id":"https:\/\/pakosc-kalwaria.franciszkanie.net\/#website"},"primaryImageOfPage":{"@id":"https:\/\/pakosc-kalwaria.franciszkanie.net\/index.php\/liturgiczna-sluzba-oltarza\/#primaryimage"},"datePublished":"2017-02-08T17:47:45+00:00","dateModified":"2023-10-09T10:02:19+00:00","breadcrumb":{"@id":"https:\/\/pakosc-kalwaria.franciszkanie.net\/index.php\/liturgiczna-sluzba-oltarza\/#breadcrumb"},"inLanguage":"pl-PL","potentialAction":[{"@type":"ReadAction","target":["https:\/\/pakosc-kalwaria.franciszkanie.net\/index.php\/liturgiczna-sluzba-oltarza\/"]}]},{"@type":"BreadcrumbList","@id":"https:\/\/pakosc-kalwaria.franciszkanie.net\/index.php\/liturgiczna-sluzba-oltarza\/#breadcrumb","itemListElement":[{"@type":"ListItem","position":1,"name":"Strona g\u0142\u00f3wna","item":"https:\/\/pakosc-kalwaria.franciszkanie.net\/"},{"@type":"ListItem","position":2,"name":"LITURGICZNA S\u0141U\u017bBA O\u0141TARZA"}]}]}},"_links":{"self":[{"href":"https:\/\/pakosc-kalwaria.franciszkanie.net\/index.php\/wp-json\/wp\/v2\/pages\/1548"}],"collection":[{"href":"https:\/\/pakosc-kalwaria.franciszkanie.net\/index.php\/wp-json\/wp\/v2\/pages"}],"about":[{"href":"https:\/\/pakosc-kalwaria.franciszkanie.net\/index.php\/wp-json\/wp\/v2\/types\/page"}],"author":[{"embeddable":true,"href":"https:\/\/pakosc-kalwaria.franciszkanie.net\/index.php\/wp-json\/wp\/v2\/users\/5"}],"replies":[{"embeddable":true,"href":"https:\/\/pakosc-kalwaria.franciszkanie.net\/index.php\/wp-json\/wp\/v2\/comments?post=1548"}],"version-history":[{"count":143,"href":"https:\/\/pakosc-kalwaria.franciszkanie.net\/index.php\/wp-json\/wp\/v2\/pages\/1548\/revisions"}],"predecessor-version":[{"id":30587,"href":"https:\/\/pakosc-kalwaria.franciszkanie.net\/index.php\/wp-json\/wp\/v2\/pages\/1548\/revisions\/30587"}],"wp:featuredmedia":[{"embeddable":true,"href":"https:\/\/pakosc-kalwaria.franciszkanie.net\/index.php\/wp-json\/wp\/v2\/media\/1412"}],"wp:attachment":[{"href":"https:\/\/pakosc-kalwaria.franciszkanie.net\/index.php\/wp-json\/wp\/v2\/media?parent=1548"}],"curies":[{"name":"wp","href":"https:\/\/api.w.org\/{rel}","templated":true}]}}