{"id":1683,"date":"2017-03-10T11:45:59","date_gmt":"2017-03-10T10:45:59","guid":{"rendered":"http:\/\/pakosc-kalwaria.franciszkanie.net\/?page_id=1683"},"modified":"2020-12-17T09:11:36","modified_gmt":"2020-12-17T08:11:36","slug":"franciszkanski-zakon-swieckich","status":"publish","type":"page","link":"https:\/\/pakosc-kalwaria.franciszkanie.net\/index.php\/franciszkanski-zakon-swieckich\/","title":{"rendered":"FRANCISZKA\u0143SKI ZAKON \u015aWIECKICH"},"content":{"rendered":"<p><strong><span style=\"text-decoration: underline; color: #ff0000;\">Spotkania FZ\u015a odbywaj\u0105 si\u0119:<\/span><br \/>\n<span style=\"color: #ff0000;\">&#8211; przy klasztorze Franciszkan\u00f3w i parafii \u015bw. Bonawentury w Pako\u015bci:<\/span><br \/>\nII sobota miesi\u0105ca \u2013 o 15.00<\/strong> Koronka do Bo\u017cego Mi\u0142osierdzia w ko\u015bciele i spotkanie formacyjne w salce<strong><br \/>\n<\/strong><strong>IV czwartek miesi\u0105ca<\/strong> \u2013<strong> 16.30 <\/strong>spotkanie formacyjne w salce i o 18.00 Msza \u015bw.<br \/>\n<strong>Prze\u0142o\u017cona Wsp\u00f3lnoty<\/strong> &#8211; S. Danuta Ka\u017amierczak<\/p>\n<p><span style=\"color: #ff0000;\"><strong>w parafii MB Cz\u0119stochowskiej i \u015bw. Barbary w Piechcinie<\/strong> <\/span><br \/>\n<strong>&#8211; w III czwartek miesi\u0105ca<\/strong> &#8211; o 10.00 Msza \u015bw. i spotkanie formacyjne w salce<br \/>\n<strong>Prze\u0142o\u017cona Wsp\u00f3lnoty<\/strong> &#8211; s. Ewa Grodzi\u0144ska, tel. 52 383 71 22<\/p>\n<p><strong>Osoby zainteresowane duchowo\u015bci\u0105 \u015bw. Franciszka z Asy\u017cu serdecznie na spotkania FZ\u015a zapraszamy!<\/strong><\/p>\n<p><strong><span style=\"text-decoration: underline; color: #ff0000;\">Powstanie FZ\u015a\u00a0 (III Zakonu \u015bw. Franciszka z Asy\u017cu)<\/span><br \/>\nDo wielkiej rodziny wsp\u00f3lnot za\u0142o\u017conej przez \u015bw. Franciszka z Asy\u017cu nale\u017cy &#8211; si\u0119gaj\u0105cy pocz\u0105tkami 1221 roku &#8211; Franciszka\u0144ski Zakon \u015awieckich.<\/strong> Jest on obecnie najliczniejszym stowarzyszeniem katolik\u00f3w na \u015bwiecie. Jako zakon jest dost\u0119pny dla ludzi \u015bwieckich wszystkich stan\u00f3w. Pierwszych \u015bwieckich na\u015bladowc\u00f3w \u015bw. Franciszka z Asy\u017cu nazywano Bra\u0107mi i Siostrami od Pokuty, p\u00f3\u017aniej Tercjarzami, a obecnie Franciszkanami \u015awieckimi.<br \/>\nDo \u015bwieckich na\u015bladowc\u00f3w \u015bw. Franciszka nale\u017celi m.in., tacy \u015bwi\u0119ci: \u015bw. El\u017cbieta W\u0119gierska, &#8211; c\u00f3rka kr\u00f3la W\u0119gier Andrzeja II, \u015bw. Ludwik IX kr\u00f3l Francji, \u015bw. Ma\u0142gorzata z Kortony &#8211; pokutnica, \u015bw. R\u00f3\u017ca z Viterbo &#8211; pokutnica, b\u0142. Aniela Salawa &#8211; s\u0142u\u017c\u0105ca.<br \/>\nNa ziemiach polskich zacz\u0119\u0142y powstawa\u0107 wsp\u00f3lnoty III Zakonu wraz z przybyciem franciszkan\u00f3w do Wroc\u0142awia w 1236r. i do Krakowa w 1237r. Na prze\u0142omie XIX i XX wieku III Zakon &#8211; odnowiony przez papie\u017ca Leona XIII &#8211; przyczyni\u0142 si\u0119 w du\u017cej mierze do odrodzenia katolicyzmu w Europie \u015arodkowo &#8211; Wschodniej. W 1978 r. Papie\u017c Pawe\u0142 VI zatwierdzi\u0142 odnowion\u0105 Regu\u0142\u0119 FZ\u015a, a nast\u0119pnie w 1990 r. Stolica Apostolska zatwierdzi\u0142a nowe Konstytucje FZ\u015a.<\/p>\n<p><span style=\"text-decoration: underline; color: #ff0000;\"><strong>Zasady \u017cycia we FZ\u015a<\/strong><\/span><br \/>\nFZ\u015a jednoczy wszystkich cz\u0142onk\u00f3w Ludu Bo\u017cego, a wi\u0119c ludzi \u015bwieckich, osoby zakonne i kap\u0142an\u00f3w, kt\u00f3rzy czuj\u0105 si\u0119 powo\u0142ani, by p\u00f3j\u015b\u0107 za Chrystusem \u015bladami \u015bw. Franciszka z Asy\u017cu<br \/>\nRegu\u0142a i \u017cycie Franciszkan\u00f3w \u015awieckich jest nast\u0119puj\u0105ce: zachowywa\u0107 Ewangeli\u0119 Pana naszego Jezusa Chrystusa, na\u015bladuj\u0105c \u015bw. Franciszka z Asy\u017cu, dla kt\u00f3rego Chrystus by\u0142 natchnieniem i centrum \u017cycia w odniesieniu do Boga i ludzi.<br \/>\nFranciszkanie \u015awieccy s\u0105 ponadto zobowi\u0105zani do cz\u0119stego czytania Ewangelii, przechodz\u0105c od Ewangelii do \u017cycia i od \u017cycia do Ewangelii.<br \/>\nFranciszkanie \u015awieccy maj\u0105 zatem doszukiwa\u0107 si\u0119 osoby Chrystusa dzia\u0142aj\u0105cego w braciach, w Pi\u015bmie \u015bw., Ko\u015bciele i czynno\u015bciach liturgicznych. Wiara \u015bw. Franciszka, kt\u00f3ra podyktowa\u0142a mu s\u0142owa: \u201eNa tym \u015bwiecie nie widz\u0119, niczego wzrokiem cielesnym z Najwy\u017cszego Syna Bo\u017cego, jak tylko Naj\u015bwi\u0119tsze Cia\u0142o i Naj\u015bwi\u0119tsza Krew&#8221;, niech b\u0119dzie dla nich natchnieniem i drogowskazem w ich \u017cyciu eucharystycznym.<br \/>\nNatchnieni przez \u015bw. Franciszka i z nim powo\u0142ani do odnowy Ko\u015bcio\u0142a, niech staraj\u0105 si\u0119 usilnie, aby \u017cy\u0107 w pe\u0142nej \u0142\u0105czno\u015bci z Papie\u017cem, z Biskupami i Kaplanami, podtrzymuj\u0105c otwarty i ufny dialog, kt\u00f3ry przynosi obfite owoce apostolskie.<br \/>\nJako bracia i siostry od pokuty z racji swego powo\u0142ania, pobudzeni moc\u0105 Ewangelii, niech na wz\u00f3r Chrystusa kszta\u0142tuj\u0105 sw\u00f3j spos\u00f3b my\u015blenia i dzia\u0142ania poprzez ca\u0142kowit\u0105 i doskona\u0142\u0105 przemian\u0119 wewn\u0119trzn\u0105, kt\u00f3r\u0105 Ewangelia nazywa nawr\u00f3ceniem i kt\u00f3r\u0105 ze wzgl\u0119du na s\u0142abo\u015b\u0107 ludzk\u0105 trzeba codziennie podejmowa\u0107. Na tej drodze odnowy sakrament pojednania jest szczeg\u00f3lnym znakiem Bo\u017cego mi\u0142osierdzia i \u017ar\u00f3d\u0142em \u0142aski.<br \/>\nFranciszkanie \u015awieccy niech uczyni\u0105 modlitw\u0119 i rozwa\u017canie dusz\u0105 swego \u017cycia i dzia\u0142ania. Niech uczestnicz\u0105 w sakramentalnym \u017cyciu Ko\u015bcio\u0142a, zw\u0142aszcza w Eucharystii i niech w\u0142\u0105cz\u0105 si\u0119 w jedn\u0105 z form modlitwy liturgicznej zatwierdzonej przez Ko\u015bci\u00f3\u0142.<br \/>\nFranciszkanie \u015awieccy niech dobrze wype\u0142niaj\u0105 obowi\u0105zki w\u0142asnego stanu we wszystkich okoliczno\u015bciach, tak\u017ce w trudno\u015bciach.<br \/>\nFranciszkanie \u015awieccy niech w zakresie d\u00f3br doczesnych zachowuj\u0105 nale\u017cyty umiar, zaspakajaj\u0105c swoje potrzeby materialne , zgodnie z duchem Ewangelii.<br \/>\nNiech poczucie braterstwa uczyni ich radosnymi i gotowymi do zr\u00f3wnania ze wszystkimi lud\u017ami, a zw\u0142aszcza z tymi najmniejszymi.<br \/>\nNiech w rodzinie \u017cyj\u0105 duchem pokoju, wierno\u015bci i poszanowania \u017cycia.<br \/>\nJako aposto\u0142owie doskonalej rado\u015bci, niech w ka\u017cdej sytuacji nios\u0105 ludziom rado\u015b\u0107 i nadziej\u0119.<\/p>\n<p><strong>\u017bycie we wsp\u00f3lnocie.<\/strong><br \/>\nPro\u015bb\u0119 o przyj\u0119cie do FZ\u015a nale\u017cy kierowa\u0107 do miejscowej wsp\u00f3lnoty, kt\u00f3rej Rada podejmuje decyzj\u0119 dotycz\u0105c\u0105 o przyj\u0119ciu brata czy siostry.<br \/>\nDla potrzymania wsp\u00f3lnoty Rada organizuje zebrania formacyjne i spotkania modlitewne.<br \/>\nW zwi\u0105zku z koniecznymi wydatkami na cele wsp\u00f3lnoty, czy to na cele kultu, apostolstwa i dobroczynno\u015bci, wszyscy bracia i siostry powinni sk\u0142ada\u0107 ofiary stosownie do swoich mo\u017cliwo\u015bci.<\/p>\n<p><strong>Poszczeg\u00f3lne etapy formacji we FZ\u015a.<\/strong><br \/>\n&#8211; postulat &#8211; oko\u0142o p\u00f3l roku<br \/>\n&#8211; nowicjat &#8211; rok czasu<br \/>\n&#8211; profesja czasowa &#8211; odnawiana co rok przez trzy lata<br \/>\n&#8211; profesja wieczysta &#8211; na ca\u0142e \u017cycie<\/p>\n<p><strong>Cz\u0142onkowie FZ\u015a mog\u0105 w nast\u0119puj\u0105ce dni zyska\u0107 odpust zupe\u0142ny pod zwyk\u0142ymi warunkami:<\/strong><br \/>\n&#8211; 28.04. &#8211; b\u0142. Luchezjusza Pierwszego Tercjarza<br \/>\n&#8211; 15.05. &#8211; \u015bw. Ma\u0142gorzaty z Kortony<br \/>\n&#8211; 02.08. &#8211; Matki Bo\u017cej z Porcjunkuli<br \/>\n&#8211; 11.08. &#8211; \u015bw. Klary z Asy\u017cu<br \/>\n&#8211; 25.08. &#8211; \u015bw. Ludwika Kr\u00f3la Francji<br \/>\n&#8211; 04.10. &#8211; \u015bw. Franciszka z Asy\u017cu<br \/>\n&#8211; 17.11. &#8211; \u015bw. El\u017cbiety W\u0119gierskiej<br \/>\n&#8211; 29.11. &#8211; Wszystkich \u015awi\u0119tych Zakonu Serafickiego<br \/>\n&#8211; 08.12. &#8211; Niepokalanego Pocz\u0119cia NMP<\/p>\n","protected":false},"excerpt":{"rendered":"<p>Spotkania FZ\u015a odbywaj\u0105 si\u0119: &#8211; przy klasztorze Franciszkan\u00f3w i parafii \u015bw. Bonawentury w Pako\u015bci: II sobota miesi\u0105ca \u2013 o 15.00 Koronka do Bo\u017cego Mi\u0142osierdzia w ko\u015bciele i spotkanie formacyjne w salce IV czwartek miesi\u0105ca \u2013 16.30 spotkanie formacyjne w salce i o 18.00 Msza \u015bw. Prze\u0142o\u017cona Wsp\u00f3lnoty &#8211; S. Danuta Ka\u017amierczak w parafii MB Cz\u0119stochowskiej &hellip;<\/p>\n","protected":false},"author":5,"featured_media":1700,"parent":0,"menu_order":0,"comment_status":"closed","ping_status":"closed","template":"","meta":{"_mi_skip_tracking":false,"_exactmetrics_sitenote_active":false,"_exactmetrics_sitenote_note":"","_exactmetrics_sitenote_category":0},"yoast_head":"<!-- This site is optimized with the Yoast SEO plugin v18.1 - https:\/\/yoast.com\/wordpress\/plugins\/seo\/ -->\n<title>FRANCISZKA\u0143SKI ZAKON \u015aWIECKICH - Pako\u015b\u0107 \u2013 Kalwaria<\/title>\n<meta name=\"robots\" content=\"index, follow, max-snippet:-1, max-image-preview:large, max-video-preview:-1\" \/>\n<link rel=\"canonical\" href=\"https:\/\/pakosc-kalwaria.franciszkanie.net\/index.php\/franciszkanski-zakon-swieckich\/\" \/>\n<meta property=\"og:locale\" content=\"pl_PL\" \/>\n<meta property=\"og:type\" content=\"article\" \/>\n<meta property=\"og:title\" content=\"FRANCISZKA\u0143SKI ZAKON \u015aWIECKICH - Pako\u015b\u0107 \u2013 Kalwaria\" \/>\n<meta property=\"og:description\" content=\"Spotkania FZ\u015a odbywaj\u0105 si\u0119: &#8211; przy klasztorze Franciszkan\u00f3w i parafii \u015bw. Bonawentury w Pako\u015bci: II sobota miesi\u0105ca \u2013 o 15.00 Koronka do Bo\u017cego Mi\u0142osierdzia w ko\u015bciele i spotkanie formacyjne w salce IV czwartek miesi\u0105ca \u2013 16.30 spotkanie formacyjne w salce i o 18.00 Msza \u015bw. Prze\u0142o\u017cona Wsp\u00f3lnoty &#8211; S. Danuta Ka\u017amierczak w parafii MB Cz\u0119stochowskiej &hellip;\" \/>\n<meta property=\"og:url\" content=\"https:\/\/pakosc-kalwaria.franciszkanie.net\/index.php\/franciszkanski-zakon-swieckich\/\" \/>\n<meta property=\"og:site_name\" content=\"Pako\u015b\u0107 \u2013 Kalwaria\" \/>\n<meta property=\"article:modified_time\" content=\"2020-12-17T08:11:36+00:00\" \/>\n<meta property=\"og:image\" content=\"https:\/\/pakosc-kalwaria.franciszkanie.net\/wp-content\/uploads\/2017\/03\/Franek2.jpg\" \/>\n\t<meta property=\"og:image:width\" content=\"200\" \/>\n\t<meta property=\"og:image:height\" content=\"300\" \/>\n\t<meta property=\"og:image:type\" content=\"image\/jpeg\" \/>\n<meta name=\"twitter:card\" content=\"summary\" \/>\n<meta name=\"twitter:label1\" content=\"Szacowany czas czytania\" \/>\n\t<meta name=\"twitter:data1\" content=\"5 minut\" \/>\n<script type=\"application\/ld+json\" class=\"yoast-schema-graph\">{\"@context\":\"https:\/\/schema.org\",\"@graph\":[{\"@type\":\"WebSite\",\"@id\":\"https:\/\/pakosc-kalwaria.franciszkanie.net\/#website\",\"url\":\"https:\/\/pakosc-kalwaria.franciszkanie.net\/\",\"name\":\"Pako\u015b\u0107 \u2013 Kalwaria\",\"description\":\"Parafia Rzymsko \u2013 Katolicka p.w. Pana Jezusa Ukrzy\u017cowanego i  Matki Bo\u017cej Bolesnej ul. Barci\u0144ska 60, 88\u2013170 Pako\u015b\u0107 \u2013 Kalwaria\",\"potentialAction\":[{\"@type\":\"SearchAction\",\"target\":{\"@type\":\"EntryPoint\",\"urlTemplate\":\"https:\/\/pakosc-kalwaria.franciszkanie.net\/?s={search_term_string}\"},\"query-input\":\"required name=search_term_string\"}],\"inLanguage\":\"pl-PL\"},{\"@type\":\"ImageObject\",\"@id\":\"https:\/\/pakosc-kalwaria.franciszkanie.net\/index.php\/franciszkanski-zakon-swieckich\/#primaryimage\",\"inLanguage\":\"pl-PL\",\"url\":\"https:\/\/pakosc-kalwaria.franciszkanie.net\/wp-content\/uploads\/2017\/03\/Franek2.jpg\",\"contentUrl\":\"https:\/\/pakosc-kalwaria.franciszkanie.net\/wp-content\/uploads\/2017\/03\/Franek2.jpg\",\"width\":200,\"height\":300},{\"@type\":\"WebPage\",\"@id\":\"https:\/\/pakosc-kalwaria.franciszkanie.net\/index.php\/franciszkanski-zakon-swieckich\/#webpage\",\"url\":\"https:\/\/pakosc-kalwaria.franciszkanie.net\/index.php\/franciszkanski-zakon-swieckich\/\",\"name\":\"FRANCISZKA\u0143SKI ZAKON \u015aWIECKICH - Pako\u015b\u0107 \u2013 Kalwaria\",\"isPartOf\":{\"@id\":\"https:\/\/pakosc-kalwaria.franciszkanie.net\/#website\"},\"primaryImageOfPage\":{\"@id\":\"https:\/\/pakosc-kalwaria.franciszkanie.net\/index.php\/franciszkanski-zakon-swieckich\/#primaryimage\"},\"datePublished\":\"2017-03-10T10:45:59+00:00\",\"dateModified\":\"2020-12-17T08:11:36+00:00\",\"breadcrumb\":{\"@id\":\"https:\/\/pakosc-kalwaria.franciszkanie.net\/index.php\/franciszkanski-zakon-swieckich\/#breadcrumb\"},\"inLanguage\":\"pl-PL\",\"potentialAction\":[{\"@type\":\"ReadAction\",\"target\":[\"https:\/\/pakosc-kalwaria.franciszkanie.net\/index.php\/franciszkanski-zakon-swieckich\/\"]}]},{\"@type\":\"BreadcrumbList\",\"@id\":\"https:\/\/pakosc-kalwaria.franciszkanie.net\/index.php\/franciszkanski-zakon-swieckich\/#breadcrumb\",\"itemListElement\":[{\"@type\":\"ListItem\",\"position\":1,\"name\":\"Strona g\u0142\u00f3wna\",\"item\":\"https:\/\/pakosc-kalwaria.franciszkanie.net\/\"},{\"@type\":\"ListItem\",\"position\":2,\"name\":\"FRANCISZKA\u0143SKI ZAKON \u015aWIECKICH\"}]}]}<\/script>\n<!-- \/ Yoast SEO plugin. -->","yoast_head_json":{"title":"FRANCISZKA\u0143SKI ZAKON \u015aWIECKICH - Pako\u015b\u0107 \u2013 Kalwaria","robots":{"index":"index","follow":"follow","max-snippet":"max-snippet:-1","max-image-preview":"max-image-preview:large","max-video-preview":"max-video-preview:-1"},"canonical":"https:\/\/pakosc-kalwaria.franciszkanie.net\/index.php\/franciszkanski-zakon-swieckich\/","og_locale":"pl_PL","og_type":"article","og_title":"FRANCISZKA\u0143SKI ZAKON \u015aWIECKICH - Pako\u015b\u0107 \u2013 Kalwaria","og_description":"Spotkania FZ\u015a odbywaj\u0105 si\u0119: &#8211; przy klasztorze Franciszkan\u00f3w i parafii \u015bw. Bonawentury w Pako\u015bci: II sobota miesi\u0105ca \u2013 o 15.00 Koronka do Bo\u017cego Mi\u0142osierdzia w ko\u015bciele i spotkanie formacyjne w salce IV czwartek miesi\u0105ca \u2013 16.30 spotkanie formacyjne w salce i o 18.00 Msza \u015bw. Prze\u0142o\u017cona Wsp\u00f3lnoty &#8211; S. Danuta Ka\u017amierczak w parafii MB Cz\u0119stochowskiej &hellip;","og_url":"https:\/\/pakosc-kalwaria.franciszkanie.net\/index.php\/franciszkanski-zakon-swieckich\/","og_site_name":"Pako\u015b\u0107 \u2013 Kalwaria","article_modified_time":"2020-12-17T08:11:36+00:00","og_image":[{"width":200,"height":300,"url":"https:\/\/pakosc-kalwaria.franciszkanie.net\/wp-content\/uploads\/2017\/03\/Franek2.jpg","type":"image\/jpeg"}],"twitter_card":"summary","twitter_misc":{"Szacowany czas czytania":"5 minut"},"schema":{"@context":"https:\/\/schema.org","@graph":[{"@type":"WebSite","@id":"https:\/\/pakosc-kalwaria.franciszkanie.net\/#website","url":"https:\/\/pakosc-kalwaria.franciszkanie.net\/","name":"Pako\u015b\u0107 \u2013 Kalwaria","description":"Parafia Rzymsko \u2013 Katolicka p.w. Pana Jezusa Ukrzy\u017cowanego i  Matki Bo\u017cej Bolesnej ul. Barci\u0144ska 60, 88\u2013170 Pako\u015b\u0107 \u2013 Kalwaria","potentialAction":[{"@type":"SearchAction","target":{"@type":"EntryPoint","urlTemplate":"https:\/\/pakosc-kalwaria.franciszkanie.net\/?s={search_term_string}"},"query-input":"required name=search_term_string"}],"inLanguage":"pl-PL"},{"@type":"ImageObject","@id":"https:\/\/pakosc-kalwaria.franciszkanie.net\/index.php\/franciszkanski-zakon-swieckich\/#primaryimage","inLanguage":"pl-PL","url":"https:\/\/pakosc-kalwaria.franciszkanie.net\/wp-content\/uploads\/2017\/03\/Franek2.jpg","contentUrl":"https:\/\/pakosc-kalwaria.franciszkanie.net\/wp-content\/uploads\/2017\/03\/Franek2.jpg","width":200,"height":300},{"@type":"WebPage","@id":"https:\/\/pakosc-kalwaria.franciszkanie.net\/index.php\/franciszkanski-zakon-swieckich\/#webpage","url":"https:\/\/pakosc-kalwaria.franciszkanie.net\/index.php\/franciszkanski-zakon-swieckich\/","name":"FRANCISZKA\u0143SKI ZAKON \u015aWIECKICH - Pako\u015b\u0107 \u2013 Kalwaria","isPartOf":{"@id":"https:\/\/pakosc-kalwaria.franciszkanie.net\/#website"},"primaryImageOfPage":{"@id":"https:\/\/pakosc-kalwaria.franciszkanie.net\/index.php\/franciszkanski-zakon-swieckich\/#primaryimage"},"datePublished":"2017-03-10T10:45:59+00:00","dateModified":"2020-12-17T08:11:36+00:00","breadcrumb":{"@id":"https:\/\/pakosc-kalwaria.franciszkanie.net\/index.php\/franciszkanski-zakon-swieckich\/#breadcrumb"},"inLanguage":"pl-PL","potentialAction":[{"@type":"ReadAction","target":["https:\/\/pakosc-kalwaria.franciszkanie.net\/index.php\/franciszkanski-zakon-swieckich\/"]}]},{"@type":"BreadcrumbList","@id":"https:\/\/pakosc-kalwaria.franciszkanie.net\/index.php\/franciszkanski-zakon-swieckich\/#breadcrumb","itemListElement":[{"@type":"ListItem","position":1,"name":"Strona g\u0142\u00f3wna","item":"https:\/\/pakosc-kalwaria.franciszkanie.net\/"},{"@type":"ListItem","position":2,"name":"FRANCISZKA\u0143SKI ZAKON \u015aWIECKICH"}]}]}},"_links":{"self":[{"href":"https:\/\/pakosc-kalwaria.franciszkanie.net\/index.php\/wp-json\/wp\/v2\/pages\/1683"}],"collection":[{"href":"https:\/\/pakosc-kalwaria.franciszkanie.net\/index.php\/wp-json\/wp\/v2\/pages"}],"about":[{"href":"https:\/\/pakosc-kalwaria.franciszkanie.net\/index.php\/wp-json\/wp\/v2\/types\/page"}],"author":[{"embeddable":true,"href":"https:\/\/pakosc-kalwaria.franciszkanie.net\/index.php\/wp-json\/wp\/v2\/users\/5"}],"replies":[{"embeddable":true,"href":"https:\/\/pakosc-kalwaria.franciszkanie.net\/index.php\/wp-json\/wp\/v2\/comments?post=1683"}],"version-history":[{"count":9,"href":"https:\/\/pakosc-kalwaria.franciszkanie.net\/index.php\/wp-json\/wp\/v2\/pages\/1683\/revisions"}],"predecessor-version":[{"id":16045,"href":"https:\/\/pakosc-kalwaria.franciszkanie.net\/index.php\/wp-json\/wp\/v2\/pages\/1683\/revisions\/16045"}],"wp:featuredmedia":[{"embeddable":true,"href":"https:\/\/pakosc-kalwaria.franciszkanie.net\/index.php\/wp-json\/wp\/v2\/media\/1700"}],"wp:attachment":[{"href":"https:\/\/pakosc-kalwaria.franciszkanie.net\/index.php\/wp-json\/wp\/v2\/media?parent=1683"}],"curies":[{"name":"wp","href":"https:\/\/api.w.org\/{rel}","templated":true}]}}