{"id":4003,"date":"2017-12-11T11:45:17","date_gmt":"2017-12-11T10:45:17","guid":{"rendered":"http:\/\/pakosc-kalwaria.franciszkanie.net\/?page_id=4003"},"modified":"2018-04-10T13:40:11","modified_gmt":"2018-04-10T11:40:11","slug":"parafialny-zespol-caritas","status":"publish","type":"page","link":"https:\/\/pakosc-kalwaria.franciszkanie.net\/index.php\/wspolnoty\/parafialny-zespol-caritas\/","title":{"rendered":"PARAFIALNY ZESP\u00d3\u0141 CARITAS"},"content":{"rendered":"<p><span style=\"color: #ff0000;\"><strong>Spotkania Parafialnego Oddzia\u0142u Caritas w Pako\u015bci odbywaj\u0105 si\u0119 przy ko\u015bciele \u015bw. Bonawentury w drugi czwartek miesi\u0105ca po Mszy \u015bw. o 18.00.<\/strong><\/span> Wszystkich zainteresowanych dzia\u0142alno\u015bci\u0105\u00a0 charytatywn\u0105 serdecznie na te spotkania zapraszamy. Parafialny Oddzia\u0142 Caritas w Pako\u015bci dzia\u0142aj\u0105cy przy ko\u015bciele \u015bw. Bonawentury obejmuje swoj\u0105 dzia\u0142alno\u015bci\u0105 obie pakoskie parafie.<\/p>\n<p><strong><span style=\"color: #ff0000;\">Dzia\u0142alno\u015b\u0107 Parafialnego Oddzia\u0142u Caritas w Pako\u015bci to m. in.:<\/span><br \/>\n<\/strong>&#8211; wydawanie unijnej \u017cywno\u015bci dla ok. 100 os\u00f3b, kt\u00f3re zadeklarowa\u0142y potrzeb\u0119 takiej pomocy \u2013 w\u00a0 ramach \u00a0Programu Operacyjnego Pomoc \u017bywno\u015bciowa 2014 \u2013 2020 \u2013 Podprogram 2017 wsp\u00f3\u0142finansowanego ze \u015brodk\u00f3w Unii Europejskiej w ramach Europejskiego Funduszu Pomocy Najbardziej Potrzebuj\u0105cym.<br \/>\n&#8211; organizowanie pomocy w ramach akcji \u201eTak! Pomagam!\u201d dla podopiecznych plac\u00f3wki Opieku\u0144czo \u2013 Wychowawczej w Jaksicach<br \/>\n&#8211; przygotowywanie paczek \u015bwi\u0105tecznych dla os\u00f3b samotnych, bezrobotnych, niepe\u0142nosprawnych (\u017cywno\u015b\u0107 i dary ofiarowane przez ludzi dobrej woli)<br \/>\n&#8211; w\u0142\u0105czanie si\u0119 w akcj\u0119 \u201eTornister pe\u0142en u\u015bmiechu\u201d\u00a0 &#8211; dla uczni\u00f3w z najbardziej potrzebuj\u0105cych pomocy rodzin<br \/>\n&#8211; wsp\u00f3\u0142organizowanie Walentynkowej Kolacji Charytatywnej \u2013 doch\u00f3d jest przeznaczony na pomoc dla niepe\u0142nosprawnych dzieci<br \/>\n&#8211; wsp\u00f3\u0142organizowanie Balu Wszystkich \u015awi\u0119tych w Pako\u015bci<br \/>\n&#8211; wolontariusze pomagaj\u0105 w \u015bwietlicy \u201eS\u0142oneczko\u201d w Pako\u015bci<br \/>\n&#8211; wsp\u00f3\u0142praca z m\u0142odzie\u017c\u0105 ze szko\u0142y im. Jana Paw\u0142a II w Ko\u015bcielcu<br \/>\n&#8211; pomoc przy uroczysto\u015bciach odpustowych na Kalwarii Pakoskiej<\/p>\n<p><strong>Dzia\u0142alno\u015b\u0107 dobroczynna nale\u017cy do istoty Ko\u015bcio\u0142a.<\/strong> Poprzez lata przybiera\u0142a ona r\u00f3\u017cnorodn\u0105 posta\u0107. Na pocz\u0105tku XX wieku przyj\u0119\u0142a ona posta\u0107 instytucji o nazwie CARITAS. Szczeg\u00f3lny rozw\u00f3j CARITAS mia\u0142 miejsce po II wojnie \u015bwiatowej, ale \u2013 niestety \u2013 w 1950 roku w wyniku decyzji \u00f3wczesnych w\u0142adz pa\u0144stwowych CARITAS przesta\u0142a istnie\u0107, a ca\u0142y maj\u0105tek zosta\u0142 upa\u0144stwowiony. Po blisko 40 latach na mocy ustawy o stosunku pa\u0144stwa do Ko\u015bcio\u0142a Katolickiego w Rzeczypospolitej Polskiej z dnia 17 maja 1989 r. Ksi\u0105dz Prymas, \u00f3wczesny Arcybiskup i Metropolita Gnie\u017anie\u0144ski, dnia 20 grudnia tego\u017c roku swoim dekretem powo\u0142a\u0142 do istnienia CARITAS Archidiecezji Gnie\u017anie\u0144skiej. W dekrecie tym czytamy m.in.: \u201enawi\u0105zuj\u0105c do najlepszych tradycji Ko\u015bcio\u0142a Katolickiego, kt\u00f3ry z woli swego Za\u0142o\u017cyciela Jezusa Chrystusa troszczy si\u0119 o ka\u017cdego cz\u0142owieka, o jego potrzeby duchowe i materialne; traktuj\u0105c zaanga\u017cowanie na rzecz sprawiedliwo\u015bci i mi\u0142osierdzia jako istotn\u0105 cz\u0119\u015b\u0107 ewangelizacji (\u2026) niniejszym powo\u0142uj\u0119 do istnienia CAG\u201d. Podstawowym celem dzia\u0142alno\u015bci Caritas naszej Archidiecezji jest \u2013 zgodnie z jej statutem \u2013 \u201eszerzenie oraz praktyczne realizowanie nauki Jezusa Chrystusa o mi\u0142osierdziu chrze\u015bcija\u0144skim\u201d.<\/p>\n","protected":false},"excerpt":{"rendered":"<p>Spotkania Parafialnego Oddzia\u0142u Caritas w Pako\u015bci odbywaj\u0105 si\u0119 przy ko\u015bciele \u015bw. Bonawentury w drugi czwartek miesi\u0105ca po Mszy \u015bw. o 18.00. Wszystkich zainteresowanych dzia\u0142alno\u015bci\u0105\u00a0 charytatywn\u0105 serdecznie na te spotkania zapraszamy. Parafialny Oddzia\u0142 Caritas w Pako\u015bci dzia\u0142aj\u0105cy przy ko\u015bciele \u015bw. Bonawentury obejmuje swoj\u0105 dzia\u0142alno\u015bci\u0105 obie pakoskie parafie. Dzia\u0142alno\u015b\u0107 Parafialnego Oddzia\u0142u Caritas w Pako\u015bci to m. in.: &hellip;<\/p>\n","protected":false},"author":5,"featured_media":5088,"parent":370,"menu_order":0,"comment_status":"closed","ping_status":"closed","template":"","meta":{"_mi_skip_tracking":false,"_exactmetrics_sitenote_active":false,"_exactmetrics_sitenote_note":"","_exactmetrics_sitenote_category":0},"yoast_head":"<!-- This site is optimized with the Yoast SEO plugin v18.1 - https:\/\/yoast.com\/wordpress\/plugins\/seo\/ -->\n<title>PARAFIALNY ZESP\u00d3\u0141 CARITAS - Pako\u015b\u0107 \u2013 Kalwaria<\/title>\n<meta name=\"robots\" content=\"index, follow, max-snippet:-1, max-image-preview:large, max-video-preview:-1\" \/>\n<link rel=\"canonical\" href=\"https:\/\/pakosc-kalwaria.franciszkanie.net\/index.php\/wspolnoty\/parafialny-zespol-caritas\/\" \/>\n<meta property=\"og:locale\" content=\"pl_PL\" \/>\n<meta property=\"og:type\" content=\"article\" \/>\n<meta property=\"og:title\" content=\"PARAFIALNY ZESP\u00d3\u0141 CARITAS - Pako\u015b\u0107 \u2013 Kalwaria\" \/>\n<meta property=\"og:description\" content=\"Spotkania Parafialnego Oddzia\u0142u Caritas w Pako\u015bci odbywaj\u0105 si\u0119 przy ko\u015bciele \u015bw. Bonawentury w drugi czwartek miesi\u0105ca po Mszy \u015bw. o 18.00. Wszystkich zainteresowanych dzia\u0142alno\u015bci\u0105\u00a0 charytatywn\u0105 serdecznie na te spotkania zapraszamy. Parafialny Oddzia\u0142 Caritas w Pako\u015bci dzia\u0142aj\u0105cy przy ko\u015bciele \u015bw. Bonawentury obejmuje swoj\u0105 dzia\u0142alno\u015bci\u0105 obie pakoskie parafie. Dzia\u0142alno\u015b\u0107 Parafialnego Oddzia\u0142u Caritas w Pako\u015bci to m. in.: &hellip;\" \/>\n<meta property=\"og:url\" content=\"https:\/\/pakosc-kalwaria.franciszkanie.net\/index.php\/wspolnoty\/parafialny-zespol-caritas\/\" \/>\n<meta property=\"og:site_name\" content=\"Pako\u015b\u0107 \u2013 Kalwaria\" \/>\n<meta property=\"article:modified_time\" content=\"2018-04-10T11:40:11+00:00\" \/>\n<meta property=\"og:image\" content=\"https:\/\/pakosc-kalwaria.franciszkanie.net\/wp-content\/uploads\/2018\/04\/parafialny_zespol_caritas.jpg\" \/>\n\t<meta property=\"og:image:width\" content=\"400\" \/>\n\t<meta property=\"og:image:height\" content=\"191\" \/>\n\t<meta property=\"og:image:type\" content=\"image\/jpeg\" \/>\n<meta name=\"twitter:card\" content=\"summary\" \/>\n<meta name=\"twitter:label1\" content=\"Szacowany czas czytania\" \/>\n\t<meta name=\"twitter:data1\" content=\"2 minuty\" \/>\n<script type=\"application\/ld+json\" class=\"yoast-schema-graph\">{\"@context\":\"https:\/\/schema.org\",\"@graph\":[{\"@type\":\"WebSite\",\"@id\":\"https:\/\/pakosc-kalwaria.franciszkanie.net\/#website\",\"url\":\"https:\/\/pakosc-kalwaria.franciszkanie.net\/\",\"name\":\"Pako\u015b\u0107 \u2013 Kalwaria\",\"description\":\"Parafia Rzymsko \u2013 Katolicka p.w. Pana Jezusa Ukrzy\u017cowanego i  Matki Bo\u017cej Bolesnej ul. Barci\u0144ska 60, 88\u2013170 Pako\u015b\u0107 \u2013 Kalwaria\",\"potentialAction\":[{\"@type\":\"SearchAction\",\"target\":{\"@type\":\"EntryPoint\",\"urlTemplate\":\"https:\/\/pakosc-kalwaria.franciszkanie.net\/?s={search_term_string}\"},\"query-input\":\"required name=search_term_string\"}],\"inLanguage\":\"pl-PL\"},{\"@type\":\"ImageObject\",\"@id\":\"https:\/\/pakosc-kalwaria.franciszkanie.net\/index.php\/wspolnoty\/parafialny-zespol-caritas\/#primaryimage\",\"inLanguage\":\"pl-PL\",\"url\":\"https:\/\/pakosc-kalwaria.franciszkanie.net\/wp-content\/uploads\/2018\/04\/parafialny_zespol_caritas.jpg\",\"contentUrl\":\"https:\/\/pakosc-kalwaria.franciszkanie.net\/wp-content\/uploads\/2018\/04\/parafialny_zespol_caritas.jpg\",\"width\":400,\"height\":191},{\"@type\":\"WebPage\",\"@id\":\"https:\/\/pakosc-kalwaria.franciszkanie.net\/index.php\/wspolnoty\/parafialny-zespol-caritas\/#webpage\",\"url\":\"https:\/\/pakosc-kalwaria.franciszkanie.net\/index.php\/wspolnoty\/parafialny-zespol-caritas\/\",\"name\":\"PARAFIALNY ZESP\u00d3\u0141 CARITAS - Pako\u015b\u0107 \u2013 Kalwaria\",\"isPartOf\":{\"@id\":\"https:\/\/pakosc-kalwaria.franciszkanie.net\/#website\"},\"primaryImageOfPage\":{\"@id\":\"https:\/\/pakosc-kalwaria.franciszkanie.net\/index.php\/wspolnoty\/parafialny-zespol-caritas\/#primaryimage\"},\"datePublished\":\"2017-12-11T10:45:17+00:00\",\"dateModified\":\"2018-04-10T11:40:11+00:00\",\"breadcrumb\":{\"@id\":\"https:\/\/pakosc-kalwaria.franciszkanie.net\/index.php\/wspolnoty\/parafialny-zespol-caritas\/#breadcrumb\"},\"inLanguage\":\"pl-PL\",\"potentialAction\":[{\"@type\":\"ReadAction\",\"target\":[\"https:\/\/pakosc-kalwaria.franciszkanie.net\/index.php\/wspolnoty\/parafialny-zespol-caritas\/\"]}]},{\"@type\":\"BreadcrumbList\",\"@id\":\"https:\/\/pakosc-kalwaria.franciszkanie.net\/index.php\/wspolnoty\/parafialny-zespol-caritas\/#breadcrumb\",\"itemListElement\":[{\"@type\":\"ListItem\",\"position\":1,\"name\":\"Strona g\u0142\u00f3wna\",\"item\":\"https:\/\/pakosc-kalwaria.franciszkanie.net\/\"},{\"@type\":\"ListItem\",\"position\":2,\"name\":\"WSP\u00d3LNOTY\",\"item\":\"https:\/\/pakosc-kalwaria.franciszkanie.net\/index.php\/wspolnoty\/\"},{\"@type\":\"ListItem\",\"position\":3,\"name\":\"PARAFIALNY ZESP\u00d3\u0141 CARITAS\"}]}]}<\/script>\n<!-- \/ Yoast SEO plugin. -->","yoast_head_json":{"title":"PARAFIALNY ZESP\u00d3\u0141 CARITAS - Pako\u015b\u0107 \u2013 Kalwaria","robots":{"index":"index","follow":"follow","max-snippet":"max-snippet:-1","max-image-preview":"max-image-preview:large","max-video-preview":"max-video-preview:-1"},"canonical":"https:\/\/pakosc-kalwaria.franciszkanie.net\/index.php\/wspolnoty\/parafialny-zespol-caritas\/","og_locale":"pl_PL","og_type":"article","og_title":"PARAFIALNY ZESP\u00d3\u0141 CARITAS - Pako\u015b\u0107 \u2013 Kalwaria","og_description":"Spotkania Parafialnego Oddzia\u0142u Caritas w Pako\u015bci odbywaj\u0105 si\u0119 przy ko\u015bciele \u015bw. Bonawentury w drugi czwartek miesi\u0105ca po Mszy \u015bw. o 18.00. Wszystkich zainteresowanych dzia\u0142alno\u015bci\u0105\u00a0 charytatywn\u0105 serdecznie na te spotkania zapraszamy. Parafialny Oddzia\u0142 Caritas w Pako\u015bci dzia\u0142aj\u0105cy przy ko\u015bciele \u015bw. Bonawentury obejmuje swoj\u0105 dzia\u0142alno\u015bci\u0105 obie pakoskie parafie. Dzia\u0142alno\u015b\u0107 Parafialnego Oddzia\u0142u Caritas w Pako\u015bci to m. in.: &hellip;","og_url":"https:\/\/pakosc-kalwaria.franciszkanie.net\/index.php\/wspolnoty\/parafialny-zespol-caritas\/","og_site_name":"Pako\u015b\u0107 \u2013 Kalwaria","article_modified_time":"2018-04-10T11:40:11+00:00","og_image":[{"width":400,"height":191,"url":"https:\/\/pakosc-kalwaria.franciszkanie.net\/wp-content\/uploads\/2018\/04\/parafialny_zespol_caritas.jpg","type":"image\/jpeg"}],"twitter_card":"summary","twitter_misc":{"Szacowany czas czytania":"2 minuty"},"schema":{"@context":"https:\/\/schema.org","@graph":[{"@type":"WebSite","@id":"https:\/\/pakosc-kalwaria.franciszkanie.net\/#website","url":"https:\/\/pakosc-kalwaria.franciszkanie.net\/","name":"Pako\u015b\u0107 \u2013 Kalwaria","description":"Parafia Rzymsko \u2013 Katolicka p.w. Pana Jezusa Ukrzy\u017cowanego i  Matki Bo\u017cej Bolesnej ul. Barci\u0144ska 60, 88\u2013170 Pako\u015b\u0107 \u2013 Kalwaria","potentialAction":[{"@type":"SearchAction","target":{"@type":"EntryPoint","urlTemplate":"https:\/\/pakosc-kalwaria.franciszkanie.net\/?s={search_term_string}"},"query-input":"required name=search_term_string"}],"inLanguage":"pl-PL"},{"@type":"ImageObject","@id":"https:\/\/pakosc-kalwaria.franciszkanie.net\/index.php\/wspolnoty\/parafialny-zespol-caritas\/#primaryimage","inLanguage":"pl-PL","url":"https:\/\/pakosc-kalwaria.franciszkanie.net\/wp-content\/uploads\/2018\/04\/parafialny_zespol_caritas.jpg","contentUrl":"https:\/\/pakosc-kalwaria.franciszkanie.net\/wp-content\/uploads\/2018\/04\/parafialny_zespol_caritas.jpg","width":400,"height":191},{"@type":"WebPage","@id":"https:\/\/pakosc-kalwaria.franciszkanie.net\/index.php\/wspolnoty\/parafialny-zespol-caritas\/#webpage","url":"https:\/\/pakosc-kalwaria.franciszkanie.net\/index.php\/wspolnoty\/parafialny-zespol-caritas\/","name":"PARAFIALNY ZESP\u00d3\u0141 CARITAS - Pako\u015b\u0107 \u2013 Kalwaria","isPartOf":{"@id":"https:\/\/pakosc-kalwaria.franciszkanie.net\/#website"},"primaryImageOfPage":{"@id":"https:\/\/pakosc-kalwaria.franciszkanie.net\/index.php\/wspolnoty\/parafialny-zespol-caritas\/#primaryimage"},"datePublished":"2017-12-11T10:45:17+00:00","dateModified":"2018-04-10T11:40:11+00:00","breadcrumb":{"@id":"https:\/\/pakosc-kalwaria.franciszkanie.net\/index.php\/wspolnoty\/parafialny-zespol-caritas\/#breadcrumb"},"inLanguage":"pl-PL","potentialAction":[{"@type":"ReadAction","target":["https:\/\/pakosc-kalwaria.franciszkanie.net\/index.php\/wspolnoty\/parafialny-zespol-caritas\/"]}]},{"@type":"BreadcrumbList","@id":"https:\/\/pakosc-kalwaria.franciszkanie.net\/index.php\/wspolnoty\/parafialny-zespol-caritas\/#breadcrumb","itemListElement":[{"@type":"ListItem","position":1,"name":"Strona g\u0142\u00f3wna","item":"https:\/\/pakosc-kalwaria.franciszkanie.net\/"},{"@type":"ListItem","position":2,"name":"WSP\u00d3LNOTY","item":"https:\/\/pakosc-kalwaria.franciszkanie.net\/index.php\/wspolnoty\/"},{"@type":"ListItem","position":3,"name":"PARAFIALNY ZESP\u00d3\u0141 CARITAS"}]}]}},"_links":{"self":[{"href":"https:\/\/pakosc-kalwaria.franciszkanie.net\/index.php\/wp-json\/wp\/v2\/pages\/4003"}],"collection":[{"href":"https:\/\/pakosc-kalwaria.franciszkanie.net\/index.php\/wp-json\/wp\/v2\/pages"}],"about":[{"href":"https:\/\/pakosc-kalwaria.franciszkanie.net\/index.php\/wp-json\/wp\/v2\/types\/page"}],"author":[{"embeddable":true,"href":"https:\/\/pakosc-kalwaria.franciszkanie.net\/index.php\/wp-json\/wp\/v2\/users\/5"}],"replies":[{"embeddable":true,"href":"https:\/\/pakosc-kalwaria.franciszkanie.net\/index.php\/wp-json\/wp\/v2\/comments?post=4003"}],"version-history":[{"count":5,"href":"https:\/\/pakosc-kalwaria.franciszkanie.net\/index.php\/wp-json\/wp\/v2\/pages\/4003\/revisions"}],"predecessor-version":[{"id":5091,"href":"https:\/\/pakosc-kalwaria.franciszkanie.net\/index.php\/wp-json\/wp\/v2\/pages\/4003\/revisions\/5091"}],"up":[{"embeddable":true,"href":"https:\/\/pakosc-kalwaria.franciszkanie.net\/index.php\/wp-json\/wp\/v2\/pages\/370"}],"wp:featuredmedia":[{"embeddable":true,"href":"https:\/\/pakosc-kalwaria.franciszkanie.net\/index.php\/wp-json\/wp\/v2\/media\/5088"}],"wp:attachment":[{"href":"https:\/\/pakosc-kalwaria.franciszkanie.net\/index.php\/wp-json\/wp\/v2\/media?parent=4003"}],"curies":[{"name":"wp","href":"https:\/\/api.w.org\/{rel}","templated":true}]}}