{"id":5614,"date":"2018-05-18T16:06:56","date_gmt":"2018-05-18T14:06:56","guid":{"rendered":"http:\/\/pakosc-kalwaria.franciszkanie.net\/?page_id=5614"},"modified":"2023-10-09T11:57:02","modified_gmt":"2023-10-09T09:57:02","slug":"uroczystosci-na-kalwarii","status":"publish","type":"page","link":"https:\/\/pakosc-kalwaria.franciszkanie.net\/index.php\/uroczystosci-na-kalwarii\/","title":{"rendered":"MSZE \u015aWI\u0118TE i UROCZYSTO\u015aCI NA KALWARII"},"content":{"rendered":"<p><strong><span style=\"color: #ff0000;\">Sanktuarium M\u0119ki Pa\u0144skiej \u2013 Kujawska Jerozolima w Pako\u015bci <\/span><br \/>\nKlasztor Zakonu Braci Mniejszych Franciszkan\u00f3w<\/strong><\/p>\n<p><strong><span style=\"color: #ff0000;\">Ko\u015bci\u00f3\u0142 Kalwaryjski pod wezwaniem Pana Jezusa Ukrzy\u017cowanego i Matki Bo\u017cej Bolesnej:<\/span><br \/>\nMsze \u015bw. w niedziele: <\/strong>9.00, 11.00 i 16.00.<br \/>\n<strong>Msza \u015bw. w tygodniu: <\/strong>17.00.<strong><br \/>\nSpowied\u017a \u015bw. 30<\/strong> minut przed Msz\u0105 \u015bw.<\/p>\n<p><span style=\"color: #ff0000;\"><br \/>\n<strong>W pi\u0105tki o 17.00 Msza \u015bw. w intencjach zbiorowych do Bo\u017cego Mi\u0142osierdzia i uczczenie Relikwii Krzy\u017ca \u015awi\u0119tego.<\/strong><\/span><strong> Zapraszamy do wsp\u00f3lnej modlitwy na kalwaryjskiej G\u00f3rze Mi\u0142osierdzia.<\/strong><\/p>\n<p><strong><u><br \/>\n<\/u><span style=\"text-decoration: underline; color: #ff0000;\">Odpusty Kalwaryjskie:<\/span><br \/>\nZnalezienia Krzy\u017ca \u015awi\u0119tego (niedziela po 3 maja)<br \/>\nPodwy\u017cszenia Krzy\u017ca \u015awi\u0119tego (niedziela po 14 wrze\u015bnia)<\/strong><\/p>\n<p><strong>Odpust Emaus &#8211; <\/strong><strong>(Poniedzia\u0142ek Wielkanocny) &#8211; <\/strong><strong>kulanie pomara\u0144czy<br \/>\nWniebowst\u0105pienia Pa\u0144skiego (niedziela)<\/strong><br \/>\n<strong>W<\/strong> <strong>II Dzie\u0144 \u015awi\u0105t Zes\u0142ania Ducha \u015awi\u0119tego (poniedzia\u0142ek)<\/strong><br \/>\n<strong> Najdro\u017cszej Krwi Chrystusa (1 lipca)<\/strong><br \/>\n<strong> Wniebowzi\u0119cia NMP (15 sierpnia).<\/strong><\/p>\n<p><strong><u><br \/>\n<span style=\"color: #ff0000;\"> W Wielkim Po\u015bcie nabo\u017ce\u0144stwa pasyjne:<\/span><br \/>\n<\/u>w pi\u0105tki:<\/strong><br \/>\n&#8211; Droga Krzy\u017cowa na Kalwarii o 9.00 i 16.30 (rozpocz\u0119cie przy Kaplicy Pi\u0142ata).<br \/>\n&#8211; Droga Krzy\u017cowa w ko\u015bciele o 17.00 i Msza \u015bw. o 17.30.<br \/>\n<strong>w niedziele:<\/strong><br \/>\n&#8211; Gorzkie \u017bale w ko\u015bciele o 15.15 i Msza \u015bw. o 16,00<\/p>\n<p style=\"text-align: center;\"><strong><u><span style=\"color: #ff0000;\"><br \/>\nObchody Triduum Paschalnego<\/span><\/u><\/strong><\/p>\n<p><strong><u><br \/>\n<\/u><span style=\"text-decoration: underline;\">Wielki Czwartek<\/span><\/strong><strong> w Ko\u015bciele Kalwaryjskim<br \/>\no 17.00 Msza \u015bw. Wieczerzy Pa\u0144skiej\u00a0<\/strong><\/p>\n<p>Po Mszy \u015bw. przeniesienie Naj\u015bwi\u0119tszego Sakramentu do \u201eCiemnicy\u201d w ko\u015bciele i adoracja do godz. 19,30.<\/p>\n<p><span style=\"color: #ff0000;\"><strong><span style=\"color: #ff0000;\">O 20.00 pierwsza cz\u0119\u015b\u0107 Obchod\u00f3w Kalwaryjskich<\/span> <span style=\"color: #ff0000;\">&#8211; \u201eDroga Pojmania\u201d<\/span><\/strong><\/span><strong> &#8211; do Kaplicy Kajfasza. Rozpocz\u0119cie w ko\u015bciele \u015bw. Bonawentury (czas trwania ok. 2,5 godziny).<br \/>\n<\/strong><\/p>\n<p><strong><u>Wielki Pi\u0105tek:<\/u><br \/>\n<span style=\"color: #ff0000;\">O 3.00 nad ranem druga cz\u0119\u015b\u0107 Obchod\u00f3w Kalwaryjskich <span style=\"color: #000000;\"><span style=\"color: #ff0000;\">\u201eDroga M\u0119ki\u201d<\/span> &#8211; od Kaplicy Kajfasza.<\/span><\/span> Zako\u0144czenie na Wzg\u00f3rzu Kalwaryjskim (czas trwania ok. 2,5 godziny).<br \/>\n<span style=\"color: #ff0000;\">O 9.00 Droga Krzy\u017cowa na Kalwarii <\/span><\/strong><strong>&#8211; od Kaplicy Pi\u0142ata <\/strong><\/p>\n<p style=\"text-align: center;\"><strong>Wzg\u00f3rze Kalwaryjskie<\/strong><\/p>\n<p style=\"text-align: left;\"><span style=\"color: #000000;\">Od 8.00 \u2013 18.00<\/span> adoracja Naj\u015bwi\u0119tszego Sakramentu w \u201eCiemnicy\u201d (w ko\u015bciele).\u00a0 <strong><br \/>\n<span style=\"color: #000000;\">O 17.30<\/span> Droga Krzy\u017cowa \u2013 w ko\u015bciele kalwaryjskim.<br \/>\n<span style=\"color: #ff0000;\">O 18.00<\/span> <span style=\"color: #ff0000;\">Ceremonie Wielkopi\u0105tkowe\u00a0<\/span><\/strong><\/p>\n<p style=\"text-align: left;\">Adoracja\u00a0 Naj\u015bwi\u0119tszego Sakramentu w Grobie Pa\u0144skim do 22.00.<\/p>\n<p><strong><u>Wielka Sobota:<\/u><\/strong><br \/>\n<span style=\"color: #000000;\">Od 8.00 \u2013 19.00<\/span> adoracja Naj\u015bwi\u0119tszego Sakramentu w Kaplicy Grobu Pa\u0144skiego.<br \/>\n<strong><br \/>\n<span style=\"color: #ff0000;\">O 20.00 Wigilia Paschalna\u00a0<\/span><\/strong> Jest to najwa\u017cniejsza Liturgia w ca\u0142ym Roku Liturgicznym w Ko\u015bciele.<br \/>\n<strong><br \/>\n<u>Niedziela Zmartwychwstania Pa\u0144skiego:<\/u> \u00a0\u00a0\u00a0\u00a0\u00a0 <u><br \/>\n<\/u><span style=\"color: #ff0000;\">O 6.00\u00a0 Msza \u015bw. Rezurekcyjna.\u00a0\u00a0\u00a0\u00a0\u00a0\u00a0\u00a0\u00a0\u00a0\u00a0\u00a0\u00a0\u00a0\u00a0\u00a0\u00a0\u00a0\u00a0\u00a0\u00a0\u00a0\u00a0\u00a0\u00a0\u00a0\u00a0\u00a0\u00a0\u00a0\u00a0\u00a0\u00a0\u00a0\u00a0\u00a0\u00a0\u00a0\u00a0\u00a0\u00a0\u00a0\u00a0\u00a0\u00a0\u00a0\u00a0 <\/span><\/strong>Pozosta\u0142e Msze \u015bw. o 9.00, 11.00 i 16.00.<\/p>\n<p><strong><span style=\"text-decoration: underline;\">Poniedzia\u0142ek Wielkanocny:<\/span>\u00a0 <\/strong><br \/>\nMsze \u015bw. o 9.00, 11.00 i 16.00.\u00a0\u00a0\u00a0\u00a0\u00a0<strong><br \/>\n<\/strong>O godz. 14.00 w ko\u015bciele \u015bw. Bonawentury rozpoczyna si\u0119 <span style=\"color: #ff0000;\">Odpust Emaus<\/span> zako\u0144czony na Wzg\u00f3rzu Kalwaryjskim<strong>.<br \/>\n<u><br \/>\n<\/u><\/strong><strong><u><span style=\"color: #ff0000;\"><br \/>\n<\/span><\/u><\/strong><strong><u><span style=\"color: #ff0000;\"> Nabo\u017ce\u0144stwa majowe i pa\u017adziernikowe ku czci Matki Bo\u017cej<\/span><br \/>\n<\/u><\/strong><\/p>\n<p><strong><br \/>\nZapraszaj\u0105 Franciszkanie z Pako\u015bci &#8211; Kalwarii<br \/>\n<\/strong><\/p>\n","protected":false},"excerpt":{"rendered":"<p>Sanktuarium M\u0119ki Pa\u0144skiej \u2013 Kujawska Jerozolima w Pako\u015bci Klasztor Zakonu Braci Mniejszych Franciszkan\u00f3w Ko\u015bci\u00f3\u0142 Kalwaryjski pod wezwaniem Pana Jezusa Ukrzy\u017cowanego i Matki Bo\u017cej Bolesnej: Msze \u015bw. w niedziele: 9.00, 11.00 i 16.00. Msza \u015bw. w tygodniu: 17.00. Spowied\u017a \u015bw. 30 minut przed Msz\u0105 \u015bw. W pi\u0105tki o 17.00 Msza \u015bw. w intencjach zbiorowych do Bo\u017cego &hellip;<\/p>\n","protected":false},"author":5,"featured_media":0,"parent":0,"menu_order":0,"comment_status":"closed","ping_status":"closed","template":"","meta":{"_mi_skip_tracking":false,"_exactmetrics_sitenote_active":false,"_exactmetrics_sitenote_note":"","_exactmetrics_sitenote_category":0},"yoast_head":"<!-- This site is optimized with the Yoast SEO plugin v18.1 - https:\/\/yoast.com\/wordpress\/plugins\/seo\/ -->\n<title>MSZE \u015aWI\u0118TE i UROCZYSTO\u015aCI NA KALWARII - Pako\u015b\u0107 \u2013 Kalwaria<\/title>\n<meta name=\"robots\" content=\"index, follow, max-snippet:-1, max-image-preview:large, max-video-preview:-1\" \/>\n<link rel=\"canonical\" href=\"https:\/\/pakosc-kalwaria.franciszkanie.net\/index.php\/uroczystosci-na-kalwarii\/\" \/>\n<meta property=\"og:locale\" content=\"pl_PL\" \/>\n<meta property=\"og:type\" content=\"article\" \/>\n<meta property=\"og:title\" content=\"MSZE \u015aWI\u0118TE i UROCZYSTO\u015aCI NA KALWARII - Pako\u015b\u0107 \u2013 Kalwaria\" \/>\n<meta property=\"og:description\" content=\"Sanktuarium M\u0119ki Pa\u0144skiej \u2013 Kujawska Jerozolima w Pako\u015bci Klasztor Zakonu Braci Mniejszych Franciszkan\u00f3w Ko\u015bci\u00f3\u0142 Kalwaryjski pod wezwaniem Pana Jezusa Ukrzy\u017cowanego i Matki Bo\u017cej Bolesnej: Msze \u015bw. w niedziele: 9.00, 11.00 i 16.00. Msza \u015bw. w tygodniu: 17.00. Spowied\u017a \u015bw. 30 minut przed Msz\u0105 \u015bw. W pi\u0105tki o 17.00 Msza \u015bw. w intencjach zbiorowych do Bo\u017cego &hellip;\" \/>\n<meta property=\"og:url\" content=\"https:\/\/pakosc-kalwaria.franciszkanie.net\/index.php\/uroczystosci-na-kalwarii\/\" \/>\n<meta property=\"og:site_name\" content=\"Pako\u015b\u0107 \u2013 Kalwaria\" \/>\n<meta property=\"article:modified_time\" content=\"2023-10-09T09:57:02+00:00\" \/>\n<meta name=\"twitter:card\" content=\"summary\" \/>\n<meta name=\"twitter:label1\" content=\"Szacowany czas czytania\" \/>\n\t<meta name=\"twitter:data1\" content=\"2 minuty\" \/>\n<script type=\"application\/ld+json\" class=\"yoast-schema-graph\">{\"@context\":\"https:\/\/schema.org\",\"@graph\":[{\"@type\":\"WebSite\",\"@id\":\"https:\/\/pakosc-kalwaria.franciszkanie.net\/#website\",\"url\":\"https:\/\/pakosc-kalwaria.franciszkanie.net\/\",\"name\":\"Pako\u015b\u0107 \u2013 Kalwaria\",\"description\":\"Parafia Rzymsko \u2013 Katolicka p.w. Pana Jezusa Ukrzy\u017cowanego i  Matki Bo\u017cej Bolesnej ul. Barci\u0144ska 60, 88\u2013170 Pako\u015b\u0107 \u2013 Kalwaria\",\"potentialAction\":[{\"@type\":\"SearchAction\",\"target\":{\"@type\":\"EntryPoint\",\"urlTemplate\":\"https:\/\/pakosc-kalwaria.franciszkanie.net\/?s={search_term_string}\"},\"query-input\":\"required name=search_term_string\"}],\"inLanguage\":\"pl-PL\"},{\"@type\":\"WebPage\",\"@id\":\"https:\/\/pakosc-kalwaria.franciszkanie.net\/index.php\/uroczystosci-na-kalwarii\/#webpage\",\"url\":\"https:\/\/pakosc-kalwaria.franciszkanie.net\/index.php\/uroczystosci-na-kalwarii\/\",\"name\":\"MSZE \u015aWI\u0118TE i UROCZYSTO\u015aCI NA KALWARII - Pako\u015b\u0107 \u2013 Kalwaria\",\"isPartOf\":{\"@id\":\"https:\/\/pakosc-kalwaria.franciszkanie.net\/#website\"},\"datePublished\":\"2018-05-18T14:06:56+00:00\",\"dateModified\":\"2023-10-09T09:57:02+00:00\",\"breadcrumb\":{\"@id\":\"https:\/\/pakosc-kalwaria.franciszkanie.net\/index.php\/uroczystosci-na-kalwarii\/#breadcrumb\"},\"inLanguage\":\"pl-PL\",\"potentialAction\":[{\"@type\":\"ReadAction\",\"target\":[\"https:\/\/pakosc-kalwaria.franciszkanie.net\/index.php\/uroczystosci-na-kalwarii\/\"]}]},{\"@type\":\"BreadcrumbList\",\"@id\":\"https:\/\/pakosc-kalwaria.franciszkanie.net\/index.php\/uroczystosci-na-kalwarii\/#breadcrumb\",\"itemListElement\":[{\"@type\":\"ListItem\",\"position\":1,\"name\":\"Strona g\u0142\u00f3wna\",\"item\":\"https:\/\/pakosc-kalwaria.franciszkanie.net\/\"},{\"@type\":\"ListItem\",\"position\":2,\"name\":\"MSZE \u015aWI\u0118TE i UROCZYSTO\u015aCI NA KALWARII\"}]}]}<\/script>\n<!-- \/ Yoast SEO plugin. -->","yoast_head_json":{"title":"MSZE \u015aWI\u0118TE i UROCZYSTO\u015aCI NA KALWARII - Pako\u015b\u0107 \u2013 Kalwaria","robots":{"index":"index","follow":"follow","max-snippet":"max-snippet:-1","max-image-preview":"max-image-preview:large","max-video-preview":"max-video-preview:-1"},"canonical":"https:\/\/pakosc-kalwaria.franciszkanie.net\/index.php\/uroczystosci-na-kalwarii\/","og_locale":"pl_PL","og_type":"article","og_title":"MSZE \u015aWI\u0118TE i UROCZYSTO\u015aCI NA KALWARII - Pako\u015b\u0107 \u2013 Kalwaria","og_description":"Sanktuarium M\u0119ki Pa\u0144skiej \u2013 Kujawska Jerozolima w Pako\u015bci Klasztor Zakonu Braci Mniejszych Franciszkan\u00f3w Ko\u015bci\u00f3\u0142 Kalwaryjski pod wezwaniem Pana Jezusa Ukrzy\u017cowanego i Matki Bo\u017cej Bolesnej: Msze \u015bw. w niedziele: 9.00, 11.00 i 16.00. Msza \u015bw. w tygodniu: 17.00. Spowied\u017a \u015bw. 30 minut przed Msz\u0105 \u015bw. W pi\u0105tki o 17.00 Msza \u015bw. w intencjach zbiorowych do Bo\u017cego &hellip;","og_url":"https:\/\/pakosc-kalwaria.franciszkanie.net\/index.php\/uroczystosci-na-kalwarii\/","og_site_name":"Pako\u015b\u0107 \u2013 Kalwaria","article_modified_time":"2023-10-09T09:57:02+00:00","twitter_card":"summary","twitter_misc":{"Szacowany czas czytania":"2 minuty"},"schema":{"@context":"https:\/\/schema.org","@graph":[{"@type":"WebSite","@id":"https:\/\/pakosc-kalwaria.franciszkanie.net\/#website","url":"https:\/\/pakosc-kalwaria.franciszkanie.net\/","name":"Pako\u015b\u0107 \u2013 Kalwaria","description":"Parafia Rzymsko \u2013 Katolicka p.w. Pana Jezusa Ukrzy\u017cowanego i  Matki Bo\u017cej Bolesnej ul. Barci\u0144ska 60, 88\u2013170 Pako\u015b\u0107 \u2013 Kalwaria","potentialAction":[{"@type":"SearchAction","target":{"@type":"EntryPoint","urlTemplate":"https:\/\/pakosc-kalwaria.franciszkanie.net\/?s={search_term_string}"},"query-input":"required name=search_term_string"}],"inLanguage":"pl-PL"},{"@type":"WebPage","@id":"https:\/\/pakosc-kalwaria.franciszkanie.net\/index.php\/uroczystosci-na-kalwarii\/#webpage","url":"https:\/\/pakosc-kalwaria.franciszkanie.net\/index.php\/uroczystosci-na-kalwarii\/","name":"MSZE \u015aWI\u0118TE i UROCZYSTO\u015aCI NA KALWARII - Pako\u015b\u0107 \u2013 Kalwaria","isPartOf":{"@id":"https:\/\/pakosc-kalwaria.franciszkanie.net\/#website"},"datePublished":"2018-05-18T14:06:56+00:00","dateModified":"2023-10-09T09:57:02+00:00","breadcrumb":{"@id":"https:\/\/pakosc-kalwaria.franciszkanie.net\/index.php\/uroczystosci-na-kalwarii\/#breadcrumb"},"inLanguage":"pl-PL","potentialAction":[{"@type":"ReadAction","target":["https:\/\/pakosc-kalwaria.franciszkanie.net\/index.php\/uroczystosci-na-kalwarii\/"]}]},{"@type":"BreadcrumbList","@id":"https:\/\/pakosc-kalwaria.franciszkanie.net\/index.php\/uroczystosci-na-kalwarii\/#breadcrumb","itemListElement":[{"@type":"ListItem","position":1,"name":"Strona g\u0142\u00f3wna","item":"https:\/\/pakosc-kalwaria.franciszkanie.net\/"},{"@type":"ListItem","position":2,"name":"MSZE \u015aWI\u0118TE i UROCZYSTO\u015aCI NA KALWARII"}]}]}},"_links":{"self":[{"href":"https:\/\/pakosc-kalwaria.franciszkanie.net\/index.php\/wp-json\/wp\/v2\/pages\/5614"}],"collection":[{"href":"https:\/\/pakosc-kalwaria.franciszkanie.net\/index.php\/wp-json\/wp\/v2\/pages"}],"about":[{"href":"https:\/\/pakosc-kalwaria.franciszkanie.net\/index.php\/wp-json\/wp\/v2\/types\/page"}],"author":[{"embeddable":true,"href":"https:\/\/pakosc-kalwaria.franciszkanie.net\/index.php\/wp-json\/wp\/v2\/users\/5"}],"replies":[{"embeddable":true,"href":"https:\/\/pakosc-kalwaria.franciszkanie.net\/index.php\/wp-json\/wp\/v2\/comments?post=5614"}],"version-history":[{"count":26,"href":"https:\/\/pakosc-kalwaria.franciszkanie.net\/index.php\/wp-json\/wp\/v2\/pages\/5614\/revisions"}],"predecessor-version":[{"id":30584,"href":"https:\/\/pakosc-kalwaria.franciszkanie.net\/index.php\/wp-json\/wp\/v2\/pages\/5614\/revisions\/30584"}],"wp:attachment":[{"href":"https:\/\/pakosc-kalwaria.franciszkanie.net\/index.php\/wp-json\/wp\/v2\/media?parent=5614"}],"curies":[{"name":"wp","href":"https:\/\/api.w.org\/{rel}","templated":true}]}}