{"id":97,"date":"2016-07-15T12:24:03","date_gmt":"2016-07-15T10:24:03","guid":{"rendered":"http:\/\/pakosc-kalwaria.franciszkanie.net\/?page_id=97"},"modified":"2016-07-15T12:24:03","modified_gmt":"2016-07-15T10:24:03","slug":"modlitwa-odmowiona-przed-krucyfiksem","status":"publish","type":"page","link":"https:\/\/pakosc-kalwaria.franciszkanie.net\/index.php\/sw-franciszek-z-asyzu\/modlitwa-odmowiona-przed-krucyfiksem\/","title":{"rendered":"MODLITWA ODM\u00d3WIONA PRZED KRUCYFIKSEM"},"content":{"rendered":"<p>Najwy\u017cszy, chwalebny Bo\u017ce, rozja\u015bnij ciemno\u015bci mego serca i daj mi, Panie, prawdziw\u0105 wiar\u0119, niezachwian\u0105 nadziej\u0119 i doskona\u0142\u0105 mi\u0142o\u015b\u0107, zrozumienie i poznanie, abym wype\u0142nia\u0142 Twoje \u015bwi\u0119te i prawdziwe pos\u0142annictwo.<\/p>\n","protected":false},"excerpt":{"rendered":"<p>Najwy\u017cszy, chwalebny Bo\u017ce, rozja\u015bnij ciemno\u015bci mego serca i daj mi, Panie, prawdziw\u0105 wiar\u0119, niezachwian\u0105 nadziej\u0119 i doskona\u0142\u0105 mi\u0142o\u015b\u0107, zrozumienie i poznanie, abym wype\u0142nia\u0142 Twoje \u015bwi\u0119te i prawdziwe pos\u0142annictwo.<\/p>\n","protected":false},"author":5,"featured_media":0,"parent":67,"menu_order":0,"comment_status":"closed","ping_status":"closed","template":"","meta":{"_mi_skip_tracking":false,"_exactmetrics_sitenote_active":false,"_exactmetrics_sitenote_note":"","_exactmetrics_sitenote_category":0},"yoast_head":"<!-- This site is optimized with the Yoast SEO plugin v18.1 - https:\/\/yoast.com\/wordpress\/plugins\/seo\/ -->\n<title>MODLITWA ODM\u00d3WIONA PRZED KRUCYFIKSEM - Pako\u015b\u0107 \u2013 Kalwaria<\/title>\n<meta name=\"robots\" content=\"index, follow, max-snippet:-1, max-image-preview:large, max-video-preview:-1\" \/>\n<link rel=\"canonical\" href=\"https:\/\/pakosc-kalwaria.franciszkanie.net\/index.php\/sw-franciszek-z-asyzu\/modlitwa-odmowiona-przed-krucyfiksem\/\" \/>\n<meta property=\"og:locale\" content=\"pl_PL\" \/>\n<meta property=\"og:type\" content=\"article\" \/>\n<meta property=\"og:title\" content=\"MODLITWA ODM\u00d3WIONA PRZED KRUCYFIKSEM - Pako\u015b\u0107 \u2013 Kalwaria\" \/>\n<meta property=\"og:description\" content=\"Najwy\u017cszy, chwalebny Bo\u017ce, rozja\u015bnij ciemno\u015bci mego serca i daj mi, Panie, prawdziw\u0105 wiar\u0119, niezachwian\u0105 nadziej\u0119 i doskona\u0142\u0105 mi\u0142o\u015b\u0107, zrozumienie i poznanie, abym wype\u0142nia\u0142 Twoje \u015bwi\u0119te i prawdziwe pos\u0142annictwo.\" \/>\n<meta property=\"og:url\" content=\"https:\/\/pakosc-kalwaria.franciszkanie.net\/index.php\/sw-franciszek-z-asyzu\/modlitwa-odmowiona-przed-krucyfiksem\/\" \/>\n<meta property=\"og:site_name\" content=\"Pako\u015b\u0107 \u2013 Kalwaria\" \/>\n<meta name=\"twitter:card\" content=\"summary\" \/>\n<script type=\"application\/ld+json\" class=\"yoast-schema-graph\">{\"@context\":\"https:\/\/schema.org\",\"@graph\":[{\"@type\":\"WebSite\",\"@id\":\"https:\/\/pakosc-kalwaria.franciszkanie.net\/#website\",\"url\":\"https:\/\/pakosc-kalwaria.franciszkanie.net\/\",\"name\":\"Pako\u015b\u0107 \u2013 Kalwaria\",\"description\":\"Parafia Rzymsko \u2013 Katolicka p.w. Pana Jezusa Ukrzy\u017cowanego i  Matki Bo\u017cej Bolesnej ul. Barci\u0144ska 60, 88\u2013170 Pako\u015b\u0107 \u2013 Kalwaria\",\"potentialAction\":[{\"@type\":\"SearchAction\",\"target\":{\"@type\":\"EntryPoint\",\"urlTemplate\":\"https:\/\/pakosc-kalwaria.franciszkanie.net\/?s={search_term_string}\"},\"query-input\":\"required name=search_term_string\"}],\"inLanguage\":\"pl-PL\"},{\"@type\":\"WebPage\",\"@id\":\"https:\/\/pakosc-kalwaria.franciszkanie.net\/index.php\/sw-franciszek-z-asyzu\/modlitwa-odmowiona-przed-krucyfiksem\/#webpage\",\"url\":\"https:\/\/pakosc-kalwaria.franciszkanie.net\/index.php\/sw-franciszek-z-asyzu\/modlitwa-odmowiona-przed-krucyfiksem\/\",\"name\":\"MODLITWA ODM\u00d3WIONA PRZED KRUCYFIKSEM - Pako\u015b\u0107 \u2013 Kalwaria\",\"isPartOf\":{\"@id\":\"https:\/\/pakosc-kalwaria.franciszkanie.net\/#website\"},\"datePublished\":\"2016-07-15T10:24:03+00:00\",\"dateModified\":\"2016-07-15T10:24:03+00:00\",\"breadcrumb\":{\"@id\":\"https:\/\/pakosc-kalwaria.franciszkanie.net\/index.php\/sw-franciszek-z-asyzu\/modlitwa-odmowiona-przed-krucyfiksem\/#breadcrumb\"},\"inLanguage\":\"pl-PL\",\"potentialAction\":[{\"@type\":\"ReadAction\",\"target\":[\"https:\/\/pakosc-kalwaria.franciszkanie.net\/index.php\/sw-franciszek-z-asyzu\/modlitwa-odmowiona-przed-krucyfiksem\/\"]}]},{\"@type\":\"BreadcrumbList\",\"@id\":\"https:\/\/pakosc-kalwaria.franciszkanie.net\/index.php\/sw-franciszek-z-asyzu\/modlitwa-odmowiona-przed-krucyfiksem\/#breadcrumb\",\"itemListElement\":[{\"@type\":\"ListItem\",\"position\":1,\"name\":\"Strona g\u0142\u00f3wna\",\"item\":\"https:\/\/pakosc-kalwaria.franciszkanie.net\/\"},{\"@type\":\"ListItem\",\"position\":2,\"name\":\"\u015aW. FRANCISZEK Z ASY\u017bU\",\"item\":\"https:\/\/pakosc-kalwaria.franciszkanie.net\/index.php\/sw-franciszek-z-asyzu\/\"},{\"@type\":\"ListItem\",\"position\":3,\"name\":\"MODLITWA ODM\u00d3WIONA PRZED KRUCYFIKSEM\"}]}]}<\/script>\n<!-- \/ Yoast SEO plugin. -->","yoast_head_json":{"title":"MODLITWA ODM\u00d3WIONA PRZED KRUCYFIKSEM - Pako\u015b\u0107 \u2013 Kalwaria","robots":{"index":"index","follow":"follow","max-snippet":"max-snippet:-1","max-image-preview":"max-image-preview:large","max-video-preview":"max-video-preview:-1"},"canonical":"https:\/\/pakosc-kalwaria.franciszkanie.net\/index.php\/sw-franciszek-z-asyzu\/modlitwa-odmowiona-przed-krucyfiksem\/","og_locale":"pl_PL","og_type":"article","og_title":"MODLITWA ODM\u00d3WIONA PRZED KRUCYFIKSEM - Pako\u015b\u0107 \u2013 Kalwaria","og_description":"Najwy\u017cszy, chwalebny Bo\u017ce, rozja\u015bnij ciemno\u015bci mego serca i daj mi, Panie, prawdziw\u0105 wiar\u0119, niezachwian\u0105 nadziej\u0119 i doskona\u0142\u0105 mi\u0142o\u015b\u0107, zrozumienie i poznanie, abym wype\u0142nia\u0142 Twoje \u015bwi\u0119te i prawdziwe pos\u0142annictwo.","og_url":"https:\/\/pakosc-kalwaria.franciszkanie.net\/index.php\/sw-franciszek-z-asyzu\/modlitwa-odmowiona-przed-krucyfiksem\/","og_site_name":"Pako\u015b\u0107 \u2013 Kalwaria","twitter_card":"summary","schema":{"@context":"https:\/\/schema.org","@graph":[{"@type":"WebSite","@id":"https:\/\/pakosc-kalwaria.franciszkanie.net\/#website","url":"https:\/\/pakosc-kalwaria.franciszkanie.net\/","name":"Pako\u015b\u0107 \u2013 Kalwaria","description":"Parafia Rzymsko \u2013 Katolicka p.w. Pana Jezusa Ukrzy\u017cowanego i  Matki Bo\u017cej Bolesnej ul. Barci\u0144ska 60, 88\u2013170 Pako\u015b\u0107 \u2013 Kalwaria","potentialAction":[{"@type":"SearchAction","target":{"@type":"EntryPoint","urlTemplate":"https:\/\/pakosc-kalwaria.franciszkanie.net\/?s={search_term_string}"},"query-input":"required name=search_term_string"}],"inLanguage":"pl-PL"},{"@type":"WebPage","@id":"https:\/\/pakosc-kalwaria.franciszkanie.net\/index.php\/sw-franciszek-z-asyzu\/modlitwa-odmowiona-przed-krucyfiksem\/#webpage","url":"https:\/\/pakosc-kalwaria.franciszkanie.net\/index.php\/sw-franciszek-z-asyzu\/modlitwa-odmowiona-przed-krucyfiksem\/","name":"MODLITWA ODM\u00d3WIONA PRZED KRUCYFIKSEM - Pako\u015b\u0107 \u2013 Kalwaria","isPartOf":{"@id":"https:\/\/pakosc-kalwaria.franciszkanie.net\/#website"},"datePublished":"2016-07-15T10:24:03+00:00","dateModified":"2016-07-15T10:24:03+00:00","breadcrumb":{"@id":"https:\/\/pakosc-kalwaria.franciszkanie.net\/index.php\/sw-franciszek-z-asyzu\/modlitwa-odmowiona-przed-krucyfiksem\/#breadcrumb"},"inLanguage":"pl-PL","potentialAction":[{"@type":"ReadAction","target":["https:\/\/pakosc-kalwaria.franciszkanie.net\/index.php\/sw-franciszek-z-asyzu\/modlitwa-odmowiona-przed-krucyfiksem\/"]}]},{"@type":"BreadcrumbList","@id":"https:\/\/pakosc-kalwaria.franciszkanie.net\/index.php\/sw-franciszek-z-asyzu\/modlitwa-odmowiona-przed-krucyfiksem\/#breadcrumb","itemListElement":[{"@type":"ListItem","position":1,"name":"Strona g\u0142\u00f3wna","item":"https:\/\/pakosc-kalwaria.franciszkanie.net\/"},{"@type":"ListItem","position":2,"name":"\u015aW. FRANCISZEK Z ASY\u017bU","item":"https:\/\/pakosc-kalwaria.franciszkanie.net\/index.php\/sw-franciszek-z-asyzu\/"},{"@type":"ListItem","position":3,"name":"MODLITWA ODM\u00d3WIONA PRZED KRUCYFIKSEM"}]}]}},"_links":{"self":[{"href":"https:\/\/pakosc-kalwaria.franciszkanie.net\/index.php\/wp-json\/wp\/v2\/pages\/97"}],"collection":[{"href":"https:\/\/pakosc-kalwaria.franciszkanie.net\/index.php\/wp-json\/wp\/v2\/pages"}],"about":[{"href":"https:\/\/pakosc-kalwaria.franciszkanie.net\/index.php\/wp-json\/wp\/v2\/types\/page"}],"author":[{"embeddable":true,"href":"https:\/\/pakosc-kalwaria.franciszkanie.net\/index.php\/wp-json\/wp\/v2\/users\/5"}],"replies":[{"embeddable":true,"href":"https:\/\/pakosc-kalwaria.franciszkanie.net\/index.php\/wp-json\/wp\/v2\/comments?post=97"}],"version-history":[{"count":2,"href":"https:\/\/pakosc-kalwaria.franciszkanie.net\/index.php\/wp-json\/wp\/v2\/pages\/97\/revisions"}],"predecessor-version":[{"id":99,"href":"https:\/\/pakosc-kalwaria.franciszkanie.net\/index.php\/wp-json\/wp\/v2\/pages\/97\/revisions\/99"}],"up":[{"embeddable":true,"href":"https:\/\/pakosc-kalwaria.franciszkanie.net\/index.php\/wp-json\/wp\/v2\/pages\/67"}],"wp:attachment":[{"href":"https:\/\/pakosc-kalwaria.franciszkanie.net\/index.php\/wp-json\/wp\/v2\/media?parent=97"}],"curies":[{"name":"wp","href":"https:\/\/api.w.org\/{rel}","templated":true}]}}

MODLITWA ODMÓWIONA PRZED KRUCYFIKSEM

<p>Najwyższy, chwalebny Boże, rozjaśnij ciemności mego serca i daj mi, Panie, prawdziwą wiarę, niezachwianą nadzieję i doskonałą miłość, zrozumienie i poznanie, abym wypełniał Twoje święte i prawdziwe posłannictwo.</p>

<!-- This site is optimized with the Yoast SEO plugin v18.1 - https://yoast.com/wordpress/plugins/seo/ -->
<title>MODLITWA ODMÓWIONA PRZED KRUCYFIKSEM - Pakość – Kalwaria</title>
<meta name="robots" content="index, follow, max-snippet:-1, max-image-preview:large, max-video-preview:-1" />
<link rel="canonical" href="https://pakosc-kalwaria.franciszkanie.net/index.php/sw-franciszek-z-asyzu/modlitwa-odmowiona-przed-krucyfiksem/" />
<meta property="og:locale" content="pl_PL" />
<meta property="og:type" content="article" />
<meta property="og:title" content="MODLITWA ODMÓWIONA PRZED KRUCYFIKSEM - Pakość – Kalwaria" />
<meta property="og:description" content="Najwyższy, chwalebny Boże, rozjaśnij ciemności mego serca i daj mi, Panie, prawdziwą wiarę, niezachwianą nadzieję i doskonałą miłość, zrozumienie i poznanie, abym wypełniał Twoje święte i prawdziwe posłannictwo." />
<meta property="og:url" content="https://pakosc-kalwaria.franciszkanie.net/index.php/sw-franciszek-z-asyzu/modlitwa-odmowiona-przed-krucyfiksem/" />
<meta property="og:site_name" content="Pakość – Kalwaria" />
<meta name="twitter:card" content="summary" />
<script type="application/ld+json" class="yoast-schema-graph">{"@context":"https://schema.org","@graph":[{"@type":"WebSite","@id":"https://pakosc-kalwaria.franciszkanie.net/#website","url":"https://pakosc-kalwaria.franciszkanie.net/","name":"Pakość – Kalwaria","description":"Parafia Rzymsko – Katolicka p.w. Pana Jezusa Ukrzyżowanego i  Matki Bożej Bolesnej ul. Barcińska 60, 88–170 Pakość – Kalwaria","potentialAction":[{"@type":"SearchAction","target":{"@type":"EntryPoint","urlTemplate":"https://pakosc-kalwaria.franciszkanie.net/?s={search_term_string}"},"query-input":"required name=search_term_string"}],"inLanguage":"pl-PL"},{"@type":"WebPage","@id":"https://pakosc-kalwaria.franciszkanie.net/index.php/sw-franciszek-z-asyzu/modlitwa-odmowiona-przed-krucyfiksem/#webpage","url":"https://pakosc-kalwaria.franciszkanie.net/index.php/sw-franciszek-z-asyzu/modlitwa-odmowiona-przed-krucyfiksem/","name":"MODLITWA ODMÓWIONA PRZED KRUCYFIKSEM - Pakość – Kalwaria","isPartOf":{"@id":"https://pakosc-kalwaria.franciszkanie.net/#website"},"datePublished":"2016-07-15T10:24:03+00:00","dateModified":"2016-07-15T10:24:03+00:00","breadcrumb":{"@id":"https://pakosc-kalwaria.franciszkanie.net/index.php/sw-franciszek-z-asyzu/modlitwa-odmowiona-przed-krucyfiksem/#breadcrumb"},"inLanguage":"pl-PL","potentialAction":[{"@type":"ReadAction","target":["https://pakosc-kalwaria.franciszkanie.net/index.php/sw-franciszek-z-asyzu/modlitwa-odmowiona-przed-krucyfiksem/"]}]},{"@type":"BreadcrumbList","@id":"https://pakosc-kalwaria.franciszkanie.net/index.php/sw-franciszek-z-asyzu/modlitwa-odmowiona-przed-krucyfiksem/#breadcrumb","itemListElement":[{"@type":"ListItem","position":1,"name":"Strona główna","item":"https://pakosc-kalwaria.franciszkanie.net/"},{"@type":"ListItem","position":2,"name":"ŚW. FRANCISZEK Z ASYŻU","item":"https://pakosc-kalwaria.franciszkanie.net/index.php/sw-franciszek-z-asyzu/"},{"@type":"ListItem","position":3,"name":"MODLITWA ODMÓWIONA PRZED KRUCYFIKSEM"}]}]}</script>
<!-- / Yoast SEO plugin. -->

MODLITWA ODMÓWIONA PRZED KRUCYFIKSEM - Pakość – Kalwaria

Najwyższy, chwalebny Boże, rozjaśnij ciemności mego serca i daj mi, Panie, prawdziwą wiarę, niezachwianą nadzieję i doskonałą miłość, zrozumienie i poznanie, abym wypełniał Twoje święte i prawdziwe posłannictwo.

Pakość – Kalwaria

Parafia Rzymsko – Katolicka p.w. Pana Jezusa Ukrzyżowanego i  Matki Bożej Bolesnej ul. Barcińska 60, 88–170 Pakość – Kalwaria

Strona główna

ŚW. FRANCISZEK Z ASYŻU
